{"id":1003,"date":"2020-12-09T22:26:45","date_gmt":"2020-12-09T21:26:45","guid":{"rendered":"http:\/\/editorial.ulagos.cl\/?page_id=1003"},"modified":"2024-01-03T10:55:53","modified_gmt":"2024-01-03T13:55:53","slug":"libro-arte-y-dictadura-del-academico-jorge-ferrada-sera-presentado-por-diamela-eltit-el-11-de-diciembre","status":"publish","type":"page","link":"https:\/\/editorial.ulagos.cl\/home\/libro-arte-y-dictadura-del-academico-jorge-ferrada-sera-presentado-por-diamela-eltit-el-11-de-diciembre\/","title":{"rendered":"Libro \u00abArte y dictadura\u00bb del acad\u00e9mico Jorge Ferrada ser\u00e1 presentado por Diamela Eltit el 11 de diciembre"},"content":{"rendered":"<p>Este viernes 11 de diciembre tendr\u00e1 lugar la presentaci\u00f3n del libro \u00abArte y dictadura. Po\u00e9ticas cr\u00edticas sobre la vanguardia en Chile\u00bb del acad\u00e9mico de la Universidad de Los Lagos, Dr. Jorge Ferrada. La publicaci\u00f3n forma parte de la Colecci\u00f3n \u00abDesde el Sur\u00bb coeditado por la Editorial ULagos y RIL Editores.<\/p>\n<p>La presentaci\u00f3n estar\u00e1 a cargo de la escritora y artista Diamela Eltit, Premio Nacional de Literatura; quien fund\u00f3 en 1979 el\u00a0 emblem\u00e1tico <i>Colectivo de Acciones de Arte<\/i> (CADA) cuando era una estudiante de literatura en la Universidad de Chile, junto a Ra\u00fal Zurita, Lotty Rosenfeld, Juan Castillo y Fernando Balcells, grupo quefue parte importante de la denominada Escena de Avanzada. El CADA buscaba reformular los circuitos art\u00edsticos bajo la dictadura de Augusto Pinochet.<\/p>\n<p><a href=\"http:\/\/editorial.ulagos.cl\/wp-content\/uploads\/2020\/12\/WhatsApp-Image-2020-12-09-at-16.01.32-1.jpeg\" data-lity=\"\" data-title=\"\"><img decoding=\"async\" class=\"img-responsive\" style=\"width: 100%; height: auto;\" src=\"http:\/\/editorial.ulagos.cl\/wp-content\/uploads\/2020\/12\/WhatsApp-Image-2020-12-09-at-16.01.32-1.jpeg\" alt=\"none\" \/><\/a><\/p>\n","protected":false},"excerpt":{"rendered":"<p>Este viernes 11 de diciembre tendr\u00e1 lugar la presentaci\u00f3n del libro \u00abArte y dictadura. Po\u00e9ticas cr\u00edticas sobre la vanguardia en Chile\u00bb del acad\u00e9mico de la Universidad de Los Lagos, Dr. Jorge Ferrada. La publicaci\u00f3n forma parte de la Colecci\u00f3n \u00abDesde el Sur\u00bb coeditado por la Editorial ULagos y RIL Editores. La presentaci\u00f3n estar\u00e1 a cargo [&hellip;]<\/p>\n","protected":false},"author":2,"featured_media":1004,"parent":0,"menu_order":0,"comment_status":"closed","ping_status":"closed","template":"","meta":[],"categories":[9],"tags":[5],"_links":{"self":[{"href":"https:\/\/editorial.ulagos.cl\/home\/wp-json\/wp\/v2\/pages\/1003"}],"collection":[{"href":"https:\/\/editorial.ulagos.cl\/home\/wp-json\/wp\/v2\/pages"}],"about":[{"href":"https:\/\/editorial.ulagos.cl\/home\/wp-json\/wp\/v2\/types\/page"}],"author":[{"embeddable":true,"href":"https:\/\/editorial.ulagos.cl\/home\/wp-json\/wp\/v2\/users\/2"}],"replies":[{"embeddable":true,"href":"https:\/\/editorial.ulagos.cl\/home\/wp-json\/wp\/v2\/comments?post=1003"}],"version-history":[{"count":1,"href":"https:\/\/editorial.ulagos.cl\/home\/wp-json\/wp\/v2\/pages\/1003\/revisions"}],"predecessor-version":[{"id":1006,"href":"https:\/\/editorial.ulagos.cl\/home\/wp-json\/wp\/v2\/pages\/1003\/revisions\/1006"}],"wp:featuredmedia":[{"embeddable":true,"href":"https:\/\/editorial.ulagos.cl\/home\/wp-json\/wp\/v2\/media\/1004"}],"wp:attachment":[{"href":"https:\/\/editorial.ulagos.cl\/home\/wp-json\/wp\/v2\/media?parent=1003"}],"wp:term":[{"taxonomy":"category","embeddable":true,"href":"https:\/\/editorial.ulagos.cl\/home\/wp-json\/wp\/v2\/categories?post=1003"},{"taxonomy":"post_tag","embeddable":true,"href":"https:\/\/editorial.ulagos.cl\/home\/wp-json\/wp\/v2\/tags?post=1003"}],"curies":[{"name":"wp","href":"https:\/\/api.w.org\/{rel}","templated":true}]}}