{"id":1247,"date":"2021-05-05T18:54:59","date_gmt":"2021-05-05T16:54:59","guid":{"rendered":"http:\/\/editorial.ulagos.cl\/?page_id=1247"},"modified":"2021-05-31T21:40:06","modified_gmt":"2021-05-31T19:40:06","slug":"lemniscate","status":"publish","type":"page","link":"https:\/\/editorial.ulagos.cl\/home\/lemniscate\/","title":{"rendered":"Lemniscate"},"content":{"rendered":"<p>[vc_row][vc_column width=\u00bb1\/2&#8243;][vc_column_text]<\/p>\n<h3><span style=\"color: #808080;\">Analy Bahamonde<\/span><\/h3>\n<p>&nbsp;<\/p>\n<p><em><span style=\"color: #808080;\">Casi no hay poeta que no haya dedicado alg\u00fan poema a alguien; bastar\u00eda abrir un poemario cualquiera para comprobarlo. Pero Analy Bahamonde nos entrega y nos sorprende con un libro entero dedicado a una persona, a un poeta, a la tr\u00e1gica vida y muerte del castre\u00f1o-puntarenense-chileno Arist\u00f3teles Espa\u00f1a, uno de los m\u00e1s j\u00f3venes, si no el m\u00e1s, entre los presos pol\u00edticos de la dictadura militar all\u00e1 en la g\u00e9lida Dawson. Por eso, en la magia de la palabra este poemario de Analy viene a ser canto, cuento, recuento, denuncia, enso\u00f1aci\u00f3n, a dos voces: la de la poeta que escribe y la del poeta que saca la voz a trav\u00e9s de ella.<br \/>\n<\/span><\/em><\/p>\n<p><em><span style=\"color: #808080;\">El segundo poema del libro nos dice: \u00abJuego a la punter\u00eda\/ y los dardos se me vuelven letras\/ cuando no dan en el centro\u00bb, pero el lector comprobar\u00e1 que los poemas de todo este libro, as\u00ed como la poeta, siempre dan en el blanco, en este canto, recuerdo, memoria, acusaci\u00f3n a las atrocidades cometidas en una \u00e9poca terrible en este largo Chile que recorren los poemas: Castro y Chilo\u00e9, Punta Arenas, Dawson, la Patagonia, y el doloroso Valpara\u00edso final.<br \/>\n<\/span><\/em><\/p>\n<p><em><span style=\"color: #808080;\">Canto cantado y escrito con dolor. Canto para fijar la memoria en esos d\u00edas de p\u00e9rdida y tortura y sufrimiento &#8211;no s\u00f3lo de Toti, es claro&#8211;, pero con la viv\u00edsima esperanza de que \u00abHay un pa\u00eds distinto en alguna parte\/ Un pa\u00eds que deja la barbarie en alguna parte\/ Un pa\u00eds sin maldad ni criminales\/&#8230;\/ donde volvamos a escuchar los vientos y sus secretos\/&#8230;\/ donde podamos sentarnos a conversar de otras soledades.\u00bb<br \/>\n<\/span><\/em><\/p>\n<p><span style=\"color: #808080;\"><em>Gracias, Analy. Gracias por Toti, por todos los y las poetas y, en general, por todos los chilenos y las chilenas y ciudadanos y ciudadanas del mundo que se sentir\u00e1n cantados en tu canto.<\/em><br \/>\n<\/span><\/p>\n<h5><span style=\"color: #808080;\"><em>Carlos Alberto Trujillo<\/em><\/span><\/h5>\n<p>&nbsp;<\/p>\n<p><span style=\"color: #808080;\">ISBN: 978-956-6043-16-4<\/span><\/p>\n<p><span style=\"color: #808080;\">DOI: <a href=\"https:\/\/doi.org\/10.32735\/978-956-6043-16-4-2020\" target=\"_blank\" rel=\"noopener noreferrer\">https:\/\/doi.org\/10.32735\/978-956-6043-16-4-2020<\/a><\/span><\/p>\n<p><span style=\"color: #808080;\">Descarga disponible<\/span><\/p>\n<p><a href=\"http:\/\/editorial.ulagos.cl\/wp-content\/uploads\/2021\/05\/Lemniscate.epub\" target=\"_blank\" rel=\"noopener noreferrer\" data-lity=\"\" data-title=\"\"><img decoding=\"async\" loading=\"lazy\" class=\"img-responsive alignnone\" style=\"width: 78px; height: 87px;\" src=\"http:\/\/editorial.ulagos.cl\/wp-content\/uploads\/2021\/04\/epublogo2-e1619630843234.jpg\" alt=\"none\" width=\"377\" height=\"422\" \/><\/a><\/p>\n<p><a href=\"http:\/\/editorial.ulagos.cl\/wp-content\/uploads\/2021\/05\/Lemniscate.pdf\" target=\"_blank\" rel=\"noopener noreferrer\" data-lity=\"\" data-title=\"\"><img decoding=\"async\" loading=\"lazy\" class=\"img-responsive alignnone\" style=\"width: 81px; height: 81px;\" src=\"http:\/\/editorial.ulagos.cl\/wp-content\/uploads\/2021\/04\/pdflogo.jpg\" alt=\"none\" width=\"900\" height=\"900\" \/><\/a>[\/vc_column_text][\/vc_column][vc_column width=\u00bb1\/2&#8243;][vc_single_image image=\u00bb1337&#8243; img_size=\u00bblarge\u00bb][\/vc_column][\/vc_row]<\/p>\n","protected":false},"excerpt":{"rendered":"<p>[vc_row][vc_column width=\u00bb1\/2&#8243;][vc_column_text] Analy Bahamonde &nbsp; Casi no hay poeta que no haya dedicado alg\u00fan poema a alguien; bastar\u00eda abrir un poemario cualquiera para comprobarlo. Pero Analy Bahamonde nos entrega y nos sorprende con un libro entero dedicado a una persona, a un poeta, a la tr\u00e1gica vida y muerte del castre\u00f1o-puntarenense-chileno Arist\u00f3teles Espa\u00f1a, uno de [&hellip;]<\/p>\n","protected":false},"author":2,"featured_media":0,"parent":0,"menu_order":0,"comment_status":"closed","ping_status":"closed","template":"","meta":[],"categories":[],"tags":[],"_links":{"self":[{"href":"https:\/\/editorial.ulagos.cl\/home\/wp-json\/wp\/v2\/pages\/1247"}],"collection":[{"href":"https:\/\/editorial.ulagos.cl\/home\/wp-json\/wp\/v2\/pages"}],"about":[{"href":"https:\/\/editorial.ulagos.cl\/home\/wp-json\/wp\/v2\/types\/page"}],"author":[{"embeddable":true,"href":"https:\/\/editorial.ulagos.cl\/home\/wp-json\/wp\/v2\/users\/2"}],"replies":[{"embeddable":true,"href":"https:\/\/editorial.ulagos.cl\/home\/wp-json\/wp\/v2\/comments?post=1247"}],"version-history":[{"count":8,"href":"https:\/\/editorial.ulagos.cl\/home\/wp-json\/wp\/v2\/pages\/1247\/revisions"}],"predecessor-version":[{"id":1340,"href":"https:\/\/editorial.ulagos.cl\/home\/wp-json\/wp\/v2\/pages\/1247\/revisions\/1340"}],"wp:attachment":[{"href":"https:\/\/editorial.ulagos.cl\/home\/wp-json\/wp\/v2\/media?parent=1247"}],"wp:term":[{"taxonomy":"category","embeddable":true,"href":"https:\/\/editorial.ulagos.cl\/home\/wp-json\/wp\/v2\/categories?post=1247"},{"taxonomy":"post_tag","embeddable":true,"href":"https:\/\/editorial.ulagos.cl\/home\/wp-json\/wp\/v2\/tags?post=1247"}],"curies":[{"name":"wp","href":"https:\/\/api.w.org\/{rel}","templated":true}]}}

<p>[vc_row][vc_column width=»1/2&#8243;][vc_column_text]</p>
<h3><span style="color: #808080;">Analy Bahamonde</span></h3>
<p>&nbsp;</p>
<p><em><span style="color: #808080;">Casi no hay poeta que no haya dedicado algún poema a alguien; bastaría abrir un poemario cualquiera para comprobarlo. Pero Analy Bahamonde nos entrega y nos sorprende con un libro entero dedicado a una persona, a un poeta, a la trágica vida y muerte del castreño-puntarenense-chileno Aristóteles España, uno de los más jóvenes, si no el más, entre los presos políticos de la dictadura militar allá en la gélida Dawson. Por eso, en la magia de la palabra este poemario de Analy viene a ser canto, cuento, recuento, denuncia, ensoñación, a dos voces: la de la poeta que escribe y la del poeta que saca la voz a través de ella.<br />
</span></em></p>
<p><em><span style="color: #808080;">El segundo poema del libro nos dice: «Juego a la puntería/ y los dardos se me vuelven letras/ cuando no dan en el centro», pero el lector comprobará que los poemas de todo este libro, así como la poeta, siempre dan en el blanco, en este canto, recuerdo, memoria, acusación a las atrocidades cometidas en una época terrible en este largo Chile que recorren los poemas: Castro y Chiloé, Punta Arenas, Dawson, la Patagonia, y el doloroso Valparaíso final.<br />
</span></em></p>
<p><em><span style="color: #808080;">Canto cantado y escrito con dolor. Canto para fijar la memoria en esos días de pérdida y tortura y sufrimiento &#8211;no sólo de Toti, es claro&#8211;, pero con la vivísima esperanza de que «Hay un país distinto en alguna parte/ Un país que deja la barbarie en alguna parte/ Un país sin maldad ni criminales/&#8230;/ donde volvamos a escuchar los vientos y sus secretos/&#8230;/ donde podamos sentarnos a conversar de otras soledades.»<br />
</span></em></p>
<p><span style="color: #808080;"><em>Gracias, Analy. Gracias por Toti, por todos los y las poetas y, en general, por todos los chilenos y las chilenas y ciudadanos y ciudadanas del mundo que se sentirán cantados en tu canto.</em><br />
</span></p>
<h5><span style="color: #808080;"><em>Carlos Alberto Trujillo</em></span></h5>
<p>&nbsp;</p>
<p><span style="color: #808080;">ISBN: 978-956-6043-16-4</span></p>
<p><span style="color: #808080;">DOI: <a href="https://doi.org/10.32735/978-956-6043-16-4-2020" target="_blank" rel="noopener noreferrer">https://doi.org/10.32735/978-956-6043-16-4-2020</a></span></p>
<p><span style="color: #808080;">Descarga disponible</span></p>
<p><a href="http://editorial.ulagos.cl/wp-content/uploads/2021/05/Lemniscate.epub" target="_blank" rel="noopener noreferrer" data-lity="" data-title=""><img decoding="async" loading="lazy" class="img-responsive alignnone" style="width: 78px; height: 87px;" src="http://editorial.ulagos.cl/wp-content/uploads/2021/04/epublogo2-e1619630843234.jpg" alt="none" width="377" height="422" /></a></p>
<p><a href="http://editorial.ulagos.cl/wp-content/uploads/2021/05/Lemniscate.pdf" target="_blank" rel="noopener noreferrer" data-lity="" data-title=""><img decoding="async" loading="lazy" class="img-responsive alignnone" style="width: 81px; height: 81px;" src="http://editorial.ulagos.cl/wp-content/uploads/2021/04/pdflogo.jpg" alt="none" width="900" height="900" /></a>[/vc_column_text][/vc_column][vc_column width=»1/2&#8243;][vc_single_image image=»1337&#8243; img_size=»large»][/vc_column][/vc_row]</p>

<p>[vc_row][vc_column width=»1/2&#8243;][vc_column_text] Analy Bahamonde &nbsp; Casi no hay poeta que no haya dedicado algún poema a alguien; bastaría abrir un poemario cualquiera para comprobarlo. Pero Analy Bahamonde nos entrega y nos sorprende con un libro entero dedicado a una persona, a un poeta, a la trágica vida y muerte del castreño-puntarenense-chileno Aristóteles España, uno de [&hellip;]</p>
