{"id":1331,"date":"2021-05-05T19:10:13","date_gmt":"2021-05-05T17:10:13","guid":{"rendered":"http:\/\/editorial.ulagos.cl\/?page_id=1331"},"modified":"2021-05-31T22:03:09","modified_gmt":"2021-05-31T20:03:09","slug":"poeticasdelsurdelmundo","status":"publish","type":"page","link":"https:\/\/editorial.ulagos.cl\/home\/poeticasdelsurdelmundo\/","title":{"rendered":"PO\u00c9TICAS DEL SUR DEL MUNDO. Relatos contempor\u00e1neos sobre educaci\u00f3n, est\u00e9tica y arte"},"content":{"rendered":"<p>[vc_row][vc_column width=\u00bb1\/2&#8243;][vc_column_text]<\/p>\n<h3><span style=\"color: #808080;\">Jorge Ferrada Sullivan &amp; Ignacio Soto-Silva<\/span><\/h3>\n<p>El libro recopila la mayor\u00eda de las ponencias presentadas desde el a\u00f1o 2015 al 2019, en el auditorio central de la Universidad de Los Lagos y en la Corporaci\u00f3n Cultural de Puerto Montt. Especial atenci\u00f3n merece el reciente 2019, al cumplir los Seminarios de Po\u00e9ticas, cinco a\u00f1os desde su aparici\u00f3n en la regi\u00f3n. Por este hecho, se realiz\u00f3 una alianza con la Corporaci\u00f3n Cultural de dicha ciudad, con el fin de convocar en cuatro conversatorios, a diversos artistas, curadores e intelectuales de la escena nacional.<\/p>\n<p><span style=\"color: #808080;\">ISBN:978-956-6043-27-0<\/span><\/p>\n<p><span style=\"color: #808080;\">DOI: <a href=\"https:\/\/doi.org\/10.32735\/978-956-6043-27-0-2020\" target=\"_blank\" rel=\"noopener noreferrer\">https:\/\/doi.org\/10.32735\/978-956-6043-27-0-2020<\/a><\/span><\/p>\n<p><a href=\"http:\/\/editorial.ulagos.cl\/wp-content\/uploads\/2021\/05\/Poeticas-del-sur-del-mundo.epub\" target=\"_blank\" rel=\"noopener noreferrer\" data-lity=\"\" data-title=\"\"><img decoding=\"async\" loading=\"lazy\" class=\"img-responsive alignnone\" style=\"width: 60px; height: 67px;\" src=\"http:\/\/editorial.ulagos.cl\/wp-content\/uploads\/2021\/04\/epublogo2-e1619630843234.jpg\" alt=\"none\" width=\"377\" height=\"422\" \/><\/a><\/p>\n<p><a href=\"http:\/\/editorial.ulagos.cl\/wp-content\/uploads\/2021\/05\/Poeticas-del-sur-del-mundo.pdf\" target=\"_blank\" rel=\"noopener noreferrer\" data-lity=\"\" data-title=\"\"><img decoding=\"async\" loading=\"lazy\" class=\"img-responsive alignnone\" style=\"width: 60px; height: 60px;\" src=\"http:\/\/editorial.ulagos.cl\/wp-content\/uploads\/2021\/04\/pdflogo.jpg\" alt=\"none\" width=\"900\" height=\"900\" \/><\/a>[\/vc_column_text][\/vc_column][vc_column width=\u00bb1\/2&#8243;][vc_single_image image=\u00bb1332&#8243; img_size=\u00bblarge\u00bb alignment=\u00bbcenter\u00bb][\/vc_column][\/vc_row]<\/p>\n","protected":false},"excerpt":{"rendered":"<p>[vc_row][vc_column width=\u00bb1\/2&#8243;][vc_column_text] Jorge Ferrada Sullivan &amp; Ignacio Soto-Silva El libro recopila la mayor\u00eda de las ponencias presentadas desde el a\u00f1o 2015 al 2019, en el auditorio central de la Universidad de Los Lagos y en la Corporaci\u00f3n Cultural de Puerto Montt. Especial atenci\u00f3n merece el reciente 2019, al cumplir los Seminarios de Po\u00e9ticas, cinco a\u00f1os [&hellip;]<\/p>\n","protected":false},"author":2,"featured_media":0,"parent":0,"menu_order":0,"comment_status":"closed","ping_status":"closed","template":"","meta":[],"categories":[],"tags":[],"_links":{"self":[{"href":"https:\/\/editorial.ulagos.cl\/home\/wp-json\/wp\/v2\/pages\/1331"}],"collection":[{"href":"https:\/\/editorial.ulagos.cl\/home\/wp-json\/wp\/v2\/pages"}],"about":[{"href":"https:\/\/editorial.ulagos.cl\/home\/wp-json\/wp\/v2\/types\/page"}],"author":[{"embeddable":true,"href":"https:\/\/editorial.ulagos.cl\/home\/wp-json\/wp\/v2\/users\/2"}],"replies":[{"embeddable":true,"href":"https:\/\/editorial.ulagos.cl\/home\/wp-json\/wp\/v2\/comments?post=1331"}],"version-history":[{"count":8,"href":"https:\/\/editorial.ulagos.cl\/home\/wp-json\/wp\/v2\/pages\/1331\/revisions"}],"predecessor-version":[{"id":1344,"href":"https:\/\/editorial.ulagos.cl\/home\/wp-json\/wp\/v2\/pages\/1331\/revisions\/1344"}],"wp:attachment":[{"href":"https:\/\/editorial.ulagos.cl\/home\/wp-json\/wp\/v2\/media?parent=1331"}],"wp:term":[{"taxonomy":"category","embeddable":true,"href":"https:\/\/editorial.ulagos.cl\/home\/wp-json\/wp\/v2\/categories?post=1331"},{"taxonomy":"post_tag","embeddable":true,"href":"https:\/\/editorial.ulagos.cl\/home\/wp-json\/wp\/v2\/tags?post=1331"}],"curies":[{"name":"wp","href":"https:\/\/api.w.org\/{rel}","templated":true}]}}

POÉTICAS DEL SUR DEL MUNDO. Relatos contemporáneos sobre educación, estética y arte

<p>[vc_row][vc_column width=»1/2&#8243;][vc_column_text]</p>
<h3><span style="color: #808080;">Jorge Ferrada Sullivan &amp; Ignacio Soto-Silva</span></h3>
<p>El libro recopila la mayoría de las ponencias presentadas desde el año 2015 al 2019, en el auditorio central de la Universidad de Los Lagos y en la Corporación Cultural de Puerto Montt. Especial atención merece el reciente 2019, al cumplir los Seminarios de Poéticas, cinco años desde su aparición en la región. Por este hecho, se realizó una alianza con la Corporación Cultural de dicha ciudad, con el fin de convocar en cuatro conversatorios, a diversos artistas, curadores e intelectuales de la escena nacional.</p>
<p><span style="color: #808080;">ISBN:978-956-6043-27-0</span></p>
<p><span style="color: #808080;">DOI: <a href="https://doi.org/10.32735/978-956-6043-27-0-2020" target="_blank" rel="noopener noreferrer">https://doi.org/10.32735/978-956-6043-27-0-2020</a></span></p>
<p><a href="http://editorial.ulagos.cl/wp-content/uploads/2021/05/Poeticas-del-sur-del-mundo.epub" target="_blank" rel="noopener noreferrer" data-lity="" data-title=""><img decoding="async" loading="lazy" class="img-responsive alignnone" style="width: 60px; height: 67px;" src="http://editorial.ulagos.cl/wp-content/uploads/2021/04/epublogo2-e1619630843234.jpg" alt="none" width="377" height="422" /></a></p>
<p><a href="http://editorial.ulagos.cl/wp-content/uploads/2021/05/Poeticas-del-sur-del-mundo.pdf" target="_blank" rel="noopener noreferrer" data-lity="" data-title=""><img decoding="async" loading="lazy" class="img-responsive alignnone" style="width: 60px; height: 60px;" src="http://editorial.ulagos.cl/wp-content/uploads/2021/04/pdflogo.jpg" alt="none" width="900" height="900" /></a>[/vc_column_text][/vc_column][vc_column width=»1/2&#8243;][vc_single_image image=»1332&#8243; img_size=»large» alignment=»center»][/vc_column][/vc_row]</p>

<p>[vc_row][vc_column width=»1/2&#8243;][vc_column_text] Jorge Ferrada Sullivan &amp; Ignacio Soto-Silva El libro recopila la mayoría de las ponencias presentadas desde el año 2015 al 2019, en el auditorio central de la Universidad de Los Lagos y en la Corporación Cultural de Puerto Montt. Especial atención merece el reciente 2019, al cumplir los Seminarios de Poéticas, cinco años [&hellip;]</p>
