{"id":1541,"date":"2022-04-22T15:09:32","date_gmt":"2022-04-22T13:09:32","guid":{"rendered":"http:\/\/editorial.ulagos.cl\/?page_id=1541"},"modified":"2025-10-06T10:23:39","modified_gmt":"2025-10-06T13:23:39","slug":"un-chilote-en-la-guerrilla-guevarista-tirso-montiel-pablo","status":"publish","type":"page","link":"https:\/\/editorial.ulagos.cl\/home\/un-chilote-en-la-guerrilla-guevarista-tirso-montiel-pablo\/","title":{"rendered":"Un chilote en la guerrilla guevarista. Tirso Montiel (\u00abPablo\u00bb)"},"content":{"rendered":"<p>[vc_row][vc_column width=\u00bb1\/2&#8243;][vc_column_text]Dante Montiel<\/p>\n<p>Respecto de este libro el escritor y cantautor Patricio Manns, que ley\u00f3 poco antes de su partida, ha dicho:<\/p>\n<p><em>\u00abLa selva boliviana brillaba como un diamante, a comienzos de los a\u00f1os sesenta, frente a los ojos de los futuros combatientes latinoamericanos en el seno de una guerrilla post guevarista que re organiz\u00f3 internacionalmente bajo el nombre de \u201cVolvemos a la Selva\u201d. Hab\u00eda all\u00ed un numeroso contingente de diversas nacionalidades, argentinos, chilenos, peruanos, venezolanos, colombianos y otros que pensaban en dar una continuidad a la guerrilla guevarista y su \u201cteor\u00eda del foco\u201d, que tanto deslumbr\u00f3 a las juventudes de Am\u00e9rica.<\/em><\/p>\n<p><em>Uno de los primeros grupos en organizarse fue la columna de \u201cLos Elenos\u201d, encabezados por el joven periodista chileno Elmo Catal\u00e1n, militante del Partido Socialista. Conoc\u00ed a Elmo y trabajamos codo a codo durante las campa\u00f1as presidenciales de Salvador Allende. Jam\u00e1s pens\u00e9 que marchar\u00eda a Bolivia, y sobretodo, que morir\u00eda all\u00ed ferozmente mutilado por los militares que, monitoreados por expertos estadounidenses, hab\u00edan logrado dar caza al Che en octubre de 1967.<\/em><\/p>\n<p><em>Entre los continuadores figuran otros chilenos, entre ellos Tirso Montiel, tambi\u00e9n socialista, que combati\u00f3 en la Sierra bajo el nombre de Pablo L\u00f3pez. Montiel fue oficial del Cuerpo de Carabineros de Chile, y luego, connotado sindicalista. All\u00ed conoci\u00f3 a \u201cLos Elenos\u201d y sigui\u00f3 a Elmo Catal\u00e1n a Bolivia.<\/em><\/p>\n<p><em>Tirso Montiel hab\u00eda nacido en Castro, Isla Grande de Chilo\u00e9. Curiosamente Chilo\u00e9 es una regi\u00f3n de Chile donde las ideas de izquierda no se han desarrollado como en otros lugares del pa\u00eds. La iglesia all\u00ed es una entidad poderosa y comparte visibilidad pol\u00edtica con el Partido Radical, que oscila m\u00e1s bien a la derecha del espectro pol\u00edtico.<\/em><\/p>\n<p><em>Tirso Montiel estuvo realizando tareas militares en Bolivia durante unos siete meses. Al cabo de ellos, cay\u00f3 en una emboscada donde muri\u00f3, en la regi\u00f3n de Teoponte. All\u00ed fueron cercados en la casa de un campesino y baleados sin conmiseraci\u00f3n. Ten\u00eda apenas 34 breves a\u00f1os de vida y hoy solo es recordado como un h\u00e9roe ca\u00eddo en combate, muy lejos de su Isla Grande.\u00bb<\/em><\/p>\n<p>&nbsp;<\/p>\n<p>ISBN: 978-956-6043-23-2<\/p>\n<p>DOI:<\/p>\n<p>Descarga disponible<\/p>\n<p><a href=\"http:\/\/editorial.ulagos.cl\/wp-content\/uploads\/2022\/04\/Un-chilote-en-la-Guerrilla-Guevarista.pdf\" target=\"_blank\" rel=\"noopener noreferrer\" data-lity=\"\" data-title=\"\"><img decoding=\"async\" loading=\"lazy\" class=\"img-responsive alignnone\" style=\"width: 61px; height: 61px;\" src=\"http:\/\/editorial.ulagos.cl\/wp-content\/uploads\/2021\/04\/pdflogo-e1620831312474.jpg\" alt=\"none\" width=\"300\" height=\"300\" \/><\/a><\/p>\n<p><a href=\"http:\/\/editorial.ulagos.cl\/wp-content\/uploads\/2022\/04\/Un-chilote-en-la-Guerrilla-Guevarista.pdf\" target=\"_blank\" rel=\"noopener\">Un chilote en la Guerrilla Guevarista\u00a0<\/a><\/p>\n<p><a href=\"http:\/\/editorial.ulagos.cl\/wp-content\/uploads\/2022\/04\/Un-chilote-en-la-guerrilla.epub\" target=\"_blank\" rel=\"noopener noreferrer\" data-lity=\"\" data-title=\"\"><img decoding=\"async\" loading=\"lazy\" class=\"img-responsive alignnone\" style=\"width: 62px; height: 69px;\" src=\"http:\/\/editorial.ulagos.cl\/wp-content\/uploads\/2021\/04\/epublogo2-e1619630843234.jpg\" alt=\"none\" width=\"377\" height=\"422\" \/><\/a><\/p>\n<p><a href=\"http:\/\/editorial.ulagos.cl\/wp-content\/uploads\/2022\/04\/Un-chilote-en-la-guerrilla.epub\" target=\"_blank\" rel=\"noopener\">Un chilote en la guerrilla<\/a>[\/vc_column_text][\/vc_column][vc_column width=\u00bb1\/2&#8243;][vc_single_image image=\u00bb1554&#8243; img_size=\u00bblarge\u00bb][\/vc_column][\/vc_row]<\/p>\n","protected":false},"excerpt":{"rendered":"<p>[vc_row][vc_column width=\u00bb1\/2&#8243;][vc_column_text]Dante Montiel Respecto de este libro el escritor y cantautor Patricio Manns, que ley\u00f3 poco antes de su partida, ha dicho: \u00abLa selva boliviana brillaba como un diamante, a comienzos de los a\u00f1os sesenta, frente a los ojos de los futuros combatientes latinoamericanos en el seno de una guerrilla post guevarista que re organiz\u00f3 [&hellip;]<\/p>\n","protected":false},"author":2,"featured_media":0,"parent":0,"menu_order":0,"comment_status":"closed","ping_status":"closed","template":"","meta":[],"categories":[],"tags":[],"_links":{"self":[{"href":"https:\/\/editorial.ulagos.cl\/home\/wp-json\/wp\/v2\/pages\/1541"}],"collection":[{"href":"https:\/\/editorial.ulagos.cl\/home\/wp-json\/wp\/v2\/pages"}],"about":[{"href":"https:\/\/editorial.ulagos.cl\/home\/wp-json\/wp\/v2\/types\/page"}],"author":[{"embeddable":true,"href":"https:\/\/editorial.ulagos.cl\/home\/wp-json\/wp\/v2\/users\/2"}],"replies":[{"embeddable":true,"href":"https:\/\/editorial.ulagos.cl\/home\/wp-json\/wp\/v2\/comments?post=1541"}],"version-history":[{"count":6,"href":"https:\/\/editorial.ulagos.cl\/home\/wp-json\/wp\/v2\/pages\/1541\/revisions"}],"predecessor-version":[{"id":2125,"href":"https:\/\/editorial.ulagos.cl\/home\/wp-json\/wp\/v2\/pages\/1541\/revisions\/2125"}],"wp:attachment":[{"href":"https:\/\/editorial.ulagos.cl\/home\/wp-json\/wp\/v2\/media?parent=1541"}],"wp:term":[{"taxonomy":"category","embeddable":true,"href":"https:\/\/editorial.ulagos.cl\/home\/wp-json\/wp\/v2\/categories?post=1541"},{"taxonomy":"post_tag","embeddable":true,"href":"https:\/\/editorial.ulagos.cl\/home\/wp-json\/wp\/v2\/tags?post=1541"}],"curies":[{"name":"wp","href":"https:\/\/api.w.org\/{rel}","templated":true}]}}