{"id":1545,"date":"2021-12-14T02:28:32","date_gmt":"2021-12-14T01:28:32","guid":{"rendered":"http:\/\/editorial.ulagos.cl\/?page_id=1545"},"modified":"2024-10-07T16:36:46","modified_gmt":"2024-10-07T19:36:46","slug":"historia-social-de-la-salud-chile-1960-2000","status":"publish","type":"page","link":"https:\/\/editorial.ulagos.cl\/home\/historia-social-de-la-salud-chile-1960-2000\/","title":{"rendered":"Historia Social de la Salud. Chile 1960-2000"},"content":{"rendered":"<p>[vc_row][vc_column width=\u00bb1\/2&#8243;][vc_column_text]<\/p>\n<h3>Claudio Merino Jara<\/h3>\n<p>El presente libro aborda la historia de la salud p\u00fablica en Chile desde el per\u00edodo de 1960 a 2000. Analiza los distintos proyectos pol\u00edticos que han materializado la relaci\u00f3n Estado-Pueblo v\u00eda intervenci\u00f3n sanitaria. El trabajo hist\u00f3rico se desarrolla bajo el discurso sistematizado en los Cuadernos M\u00e9dico Sociales que, desde su primera publicaci\u00f3n en 1959 adquirir\u00e1 un rol protag\u00f3nico como aparato cultural que mediar\u00e1 entre las ciencias sociales y salud. Debate que durante el transcurso de la historia chilena tiene distintos matices seg\u00fan los proyectos pol\u00edticos que contemplar\u00e1n con mayor o menor participaci\u00f3n del Estado el v\u00ednculo entre capital humano y derecho a la salud. Nuestro trabajo trata de responder, \u00bfqu\u00e9 campos discursivos relacionados con las pol\u00edticas sanitarias de gobierno configuran la emergencia de la racionalizaci\u00f3n y regulaci\u00f3n econ\u00f3mico-sanitaria en la salud p\u00fablica en Chile durante el per\u00edodo 1960-2000? El debate de fondo que pretende re-abrir este trabajo, es evidenciar los distintos proyectos pol\u00edticos, que han observado nuestros cuerpos, como engranajes indispensables de la productividad; de esta forma el cuidado de la vida, algunas veces de la mano del Estado, otras resguardado por la familia o el individuo, ser\u00e1 protegido, seg\u00fan miradas econ\u00f3micas, pol\u00edticas y sociales, como un derecho o dejado a la libertad de elecci\u00f3n como un bien de consumo.<\/p>\n<p><strong>LIBRO IMPRESO DISPONIBLE<\/strong><\/p>\n<p>$25.000 + gastos de env\u00edo<\/p>\n<p>Consultas a <a href=\"mailto:editorial@ulagos.cl\">editorial@ulagos.cl\u00a0<\/a><\/p>\n<p>&nbsp;<\/p>\n<p>ISBN: 978-956-6043-39-3<\/p>\n<p>DOI:<\/p>\n<p data-wp-editing=\"1\"><a href=\"http:\/\/editorial.ulagos.cl\/wp-content\/uploads\/2023\/01\/Historia-social-de-la-salud.pdf\" target=\"_blank\" rel=\"noopener noreferrer\" data-lity=\"\" data-title=\"\"><img decoding=\"async\" loading=\"lazy\" class=\"img-responsive alignnone\" style=\"width: 72px; height: 72px;\" src=\"http:\/\/editorial.ulagos.cl\/wp-content\/uploads\/2021\/04\/pdflogo-e1620831312474.jpg\" alt=\"none\" width=\"300\" height=\"300\" \/><\/a><a class=\"file\" href=\"http:\/\/editorial.ulagos.cl\/wp-content\/uploads\/2023\/01\/Historia-social-de-la-salud.pdf\">Historia social de la salud<\/a><\/p>\n<p>&nbsp;<\/p>\n<p><img decoding=\"async\" loading=\"lazy\" class=\"img-responsive alignnone\" style=\"width: 75px; height: 84px;\" src=\"http:\/\/editorial.ulagos.cl\/wp-content\/uploads\/2021\/04\/epublogo2-e1619630843234.jpg\" alt=\"none\" width=\"377\" height=\"422\" \/>[\/vc_column_text][\/vc_column][vc_column width=\u00bb1\/2&#8243;][vc_single_image image=\u00bb1546&#8243; img_size=\u00bblarge\u00bb][\/vc_column][\/vc_row]<\/p>\n","protected":false},"excerpt":{"rendered":"<p>[vc_row][vc_column width=\u00bb1\/2&#8243;][vc_column_text] Claudio Merino Jara El presente libro aborda la historia de la salud p\u00fablica en Chile desde el per\u00edodo de 1960 a 2000. Analiza los distintos proyectos pol\u00edticos que han materializado la relaci\u00f3n Estado-Pueblo v\u00eda intervenci\u00f3n sanitaria. El trabajo hist\u00f3rico se desarrolla bajo el discurso sistematizado en los Cuadernos M\u00e9dico Sociales que, desde su [&hellip;]<\/p>\n","protected":false},"author":2,"featured_media":0,"parent":0,"menu_order":0,"comment_status":"closed","ping_status":"closed","template":"","meta":[],"categories":[],"tags":[],"_links":{"self":[{"href":"https:\/\/editorial.ulagos.cl\/home\/wp-json\/wp\/v2\/pages\/1545"}],"collection":[{"href":"https:\/\/editorial.ulagos.cl\/home\/wp-json\/wp\/v2\/pages"}],"about":[{"href":"https:\/\/editorial.ulagos.cl\/home\/wp-json\/wp\/v2\/types\/page"}],"author":[{"embeddable":true,"href":"https:\/\/editorial.ulagos.cl\/home\/wp-json\/wp\/v2\/users\/2"}],"replies":[{"embeddable":true,"href":"https:\/\/editorial.ulagos.cl\/home\/wp-json\/wp\/v2\/comments?post=1545"}],"version-history":[{"count":6,"href":"https:\/\/editorial.ulagos.cl\/home\/wp-json\/wp\/v2\/pages\/1545\/revisions"}],"predecessor-version":[{"id":2074,"href":"https:\/\/editorial.ulagos.cl\/home\/wp-json\/wp\/v2\/pages\/1545\/revisions\/2074"}],"wp:attachment":[{"href":"https:\/\/editorial.ulagos.cl\/home\/wp-json\/wp\/v2\/media?parent=1545"}],"wp:term":[{"taxonomy":"category","embeddable":true,"href":"https:\/\/editorial.ulagos.cl\/home\/wp-json\/wp\/v2\/categories?post=1545"},{"taxonomy":"post_tag","embeddable":true,"href":"https:\/\/editorial.ulagos.cl\/home\/wp-json\/wp\/v2\/tags?post=1545"}],"curies":[{"name":"wp","href":"https:\/\/api.w.org\/{rel}","templated":true}]}}