{"id":1562,"date":"2022-04-22T16:28:19","date_gmt":"2022-04-22T14:28:19","guid":{"rendered":"http:\/\/editorial.ulagos.cl\/?page_id=1562"},"modified":"2025-04-11T15:26:07","modified_gmt":"2025-04-11T19:26:07","slug":"otredades","status":"publish","type":"page","link":"https:\/\/editorial.ulagos.cl\/home\/otredades\/","title":{"rendered":"Otredad(es)"},"content":{"rendered":"<p>[vc_row][vc_column width=\u00bb1\/2&#8243;][vc_column_text]<strong>Nelson Vergara Mu\u00f1oz<\/strong><\/p>\n<p><em>\u00abEn este libro se presentan distintas otredades: otras calles\/otras huellas, otras pol\u00edticas, otros espacios\/otros tiempos, otras voces\/otros mundos, otras huellas\/otros ecos, otras sensibilidades\/otras ideas, otros lugares\/otras identidades, otros imaginarios\/otras pr\u00e1cticas, otras convicciones, otra filosof\u00eda, otros espacios sagrados\/otros mitos, otros contextos\/ otros ambientes, otros (nuevos) mundos, otros di\u00e1logos, otros miedos, otros territorios. Y esto Nelson lo hace, a veces sin necesariamente decirlo de manera expl\u00edcita, pensando en la ciudad de Los Lagos (lugar donde naci\u00f3), en Temuco (ciudad donde estudi\u00f3 la ense\u00f1anza media), en Santiago (lugar donde realiz\u00f3 sus estudios universitarios), en Osorno (ciudad donde vivi\u00f3 gran parte de su vida y form\u00f3 su familia), en Concepci\u00f3n o Chilo\u00e9 (lugares de Chile que fueron importantes en su andar). Pero tambi\u00e9n, Otredad(es) fue pensada como un trabajo sobre Latinoam\u00e9rica y sus distintas territorialidades e identidades. Todos son territorios diversos, ese es el com\u00fan denominador de las otredades que nos dej\u00f3 Nelson en este trabajo compilatorio de columnas que tiene intenciones multifac\u00e9ticas. Otredades, nos dice el autor, es \u201cuna instancia de di\u00e1logo, de problematizaci\u00f3n y convergencias, que pueda recoger las expectativas que quieren hacerse un lugar en las encrucijadas de nuestros mundos\u201d. Y esto es un gran desaf\u00edo interdisciplinario.\u00bb<\/em><\/p>\n<p>(extracto del pr\u00f3logo de Francisco Ther R\u00edos)<\/p>\n<p><strong>LIBRO IMPRESO NO DISPONIBLE<\/strong><\/p>\n<p>ISBN (Digital): 978-956-6043-43-0<\/p>\n<p>DOI: en tr\u00e1mite<\/p>\n<p><a href=\"http:\/\/editorial.ulagos.cl\/wp-content\/uploads\/2025\/04\/Otredades.pdf\" target=\"_blank\" rel=\"noopener\"><img decoding=\"async\" loading=\"lazy\" class=\"img-responsive alignnone\" style=\"width: 71px; height: 71px;\" src=\"http:\/\/editorial.ulagos.cl\/wp-content\/uploads\/2021\/04\/pdflogo-e1620831312474.jpg\" alt=\"none\" width=\"300\" height=\"300\" \/><\/a><a href=\"http:\/\/editorial.ulagos.cl\/wp-content\/uploads\/2025\/04\/Otredades.pdf\" target=\"_blank\" rel=\"noopener\">Otredades<\/a><\/p>\n<p><a href=\"http:\/\/editorial.ulagos.cl\/wp-content\/uploads\/2023\/01\/Otredades.epub\" data-lity=\"\" data-title=\"\"><img decoding=\"async\" loading=\"lazy\" class=\"img-responsive alignnone\" style=\"width: 70px; height: 79px;\" src=\"http:\/\/editorial.ulagos.cl\/wp-content\/uploads\/2021\/04\/epublogo2-e1650635571221.jpg\" alt=\"none\" width=\"65\" height=\"73\" \/><\/a><a class=\"file\" href=\"http:\/\/editorial.ulagos.cl\/wp-content\/uploads\/2023\/01\/Otredades.epub\"> Otredad(es)<\/a>[\/vc_column_text][\/vc_column][vc_column width=\u00bb1\/2&#8243;][vc_single_image image=\u00bb1566&#8243; img_size=\u00bblarge\u00bb][\/vc_column][\/vc_row]<\/p>\n","protected":false},"excerpt":{"rendered":"<p>[vc_row][vc_column width=\u00bb1\/2&#8243;][vc_column_text]Nelson Vergara Mu\u00f1oz \u00abEn este libro se presentan distintas otredades: otras calles\/otras huellas, otras pol\u00edticas, otros espacios\/otros tiempos, otras voces\/otros mundos, otras huellas\/otros ecos, otras sensibilidades\/otras ideas, otros lugares\/otras identidades, otros imaginarios\/otras pr\u00e1cticas, otras convicciones, otra filosof\u00eda, otros espacios sagrados\/otros mitos, otros contextos\/ otros ambientes, otros (nuevos) mundos, otros di\u00e1logos, otros miedos, otros territorios. [&hellip;]<\/p>\n","protected":false},"author":2,"featured_media":0,"parent":0,"menu_order":0,"comment_status":"closed","ping_status":"closed","template":"","meta":[],"categories":[],"tags":[],"_links":{"self":[{"href":"https:\/\/editorial.ulagos.cl\/home\/wp-json\/wp\/v2\/pages\/1562"}],"collection":[{"href":"https:\/\/editorial.ulagos.cl\/home\/wp-json\/wp\/v2\/pages"}],"about":[{"href":"https:\/\/editorial.ulagos.cl\/home\/wp-json\/wp\/v2\/types\/page"}],"author":[{"embeddable":true,"href":"https:\/\/editorial.ulagos.cl\/home\/wp-json\/wp\/v2\/users\/2"}],"replies":[{"embeddable":true,"href":"https:\/\/editorial.ulagos.cl\/home\/wp-json\/wp\/v2\/comments?post=1562"}],"version-history":[{"count":10,"href":"https:\/\/editorial.ulagos.cl\/home\/wp-json\/wp\/v2\/pages\/1562\/revisions"}],"predecessor-version":[{"id":2079,"href":"https:\/\/editorial.ulagos.cl\/home\/wp-json\/wp\/v2\/pages\/1562\/revisions\/2079"}],"wp:attachment":[{"href":"https:\/\/editorial.ulagos.cl\/home\/wp-json\/wp\/v2\/media?parent=1562"}],"wp:term":[{"taxonomy":"category","embeddable":true,"href":"https:\/\/editorial.ulagos.cl\/home\/wp-json\/wp\/v2\/categories?post=1562"},{"taxonomy":"post_tag","embeddable":true,"href":"https:\/\/editorial.ulagos.cl\/home\/wp-json\/wp\/v2\/tags?post=1562"}],"curies":[{"name":"wp","href":"https:\/\/api.w.org\/{rel}","templated":true}]}}

<p>[vc_row][vc_column width=»1/2&#8243;][vc_column_text]<strong>Nelson Vergara Muñoz</strong></p>
<p><em>«En este libro se presentan distintas otredades: otras calles/otras huellas, otras políticas, otros espacios/otros tiempos, otras voces/otros mundos, otras huellas/otros ecos, otras sensibilidades/otras ideas, otros lugares/otras identidades, otros imaginarios/otras prácticas, otras convicciones, otra filosofía, otros espacios sagrados/otros mitos, otros contextos/ otros ambientes, otros (nuevos) mundos, otros diálogos, otros miedos, otros territorios. Y esto Nelson lo hace, a veces sin necesariamente decirlo de manera explícita, pensando en la ciudad de Los Lagos (lugar donde nació), en Temuco (ciudad donde estudió la enseñanza media), en Santiago (lugar donde realizó sus estudios universitarios), en Osorno (ciudad donde vivió gran parte de su vida y formó su familia), en Concepción o Chiloé (lugares de Chile que fueron importantes en su andar). Pero también, Otredad(es) fue pensada como un trabajo sobre Latinoamérica y sus distintas territorialidades e identidades. Todos son territorios diversos, ese es el común denominador de las otredades que nos dejó Nelson en este trabajo compilatorio de columnas que tiene intenciones multifacéticas. Otredades, nos dice el autor, es “una instancia de diálogo, de problematización y convergencias, que pueda recoger las expectativas que quieren hacerse un lugar en las encrucijadas de nuestros mundos”. Y esto es un gran desafío interdisciplinario.»</em></p>
<p>(extracto del prólogo de Francisco Ther Ríos)</p>
<p><strong>LIBRO IMPRESO NO DISPONIBLE</strong></p>
<p>ISBN (Digital): 978-956-6043-43-0</p>
<p>DOI: en trámite</p>
<p><a href="http://editorial.ulagos.cl/wp-content/uploads/2025/04/Otredades.pdf" target="_blank" rel="noopener"><img decoding="async" loading="lazy" class="img-responsive alignnone" style="width: 71px; height: 71px;" src="http://editorial.ulagos.cl/wp-content/uploads/2021/04/pdflogo-e1620831312474.jpg" alt="none" width="300" height="300" /></a><a href="http://editorial.ulagos.cl/wp-content/uploads/2025/04/Otredades.pdf" target="_blank" rel="noopener">Otredades</a></p>
<p><a href="http://editorial.ulagos.cl/wp-content/uploads/2023/01/Otredades.epub" data-lity="" data-title=""><img decoding="async" loading="lazy" class="img-responsive alignnone" style="width: 70px; height: 79px;" src="http://editorial.ulagos.cl/wp-content/uploads/2021/04/epublogo2-e1650635571221.jpg" alt="none" width="65" height="73" /></a><a class="file" href="http://editorial.ulagos.cl/wp-content/uploads/2023/01/Otredades.epub"> Otredad(es)</a>[/vc_column_text][/vc_column][vc_column width=»1/2&#8243;][vc_single_image image=»1566&#8243; img_size=»large»][/vc_column][/vc_row]</p>

<p>[vc_row][vc_column width=»1/2&#8243;][vc_column_text]Nelson Vergara Muñoz «En este libro se presentan distintas otredades: otras calles/otras huellas, otras políticas, otros espacios/otros tiempos, otras voces/otros mundos, otras huellas/otros ecos, otras sensibilidades/otras ideas, otros lugares/otras identidades, otros imaginarios/otras prácticas, otras convicciones, otra filosofía, otros espacios sagrados/otros mitos, otros contextos/ otros ambientes, otros (nuevos) mundos, otros diálogos, otros miedos, otros territorios. [&hellip;]</p>
