{"id":1605,"date":"2023-01-27T15:56:27","date_gmt":"2023-01-27T14:56:27","guid":{"rendered":"http:\/\/editorial.ulagos.cl\/?page_id=1605"},"modified":"2024-08-30T16:21:45","modified_gmt":"2024-08-30T20:21:45","slug":"los-artificios-culturales-del-arte-mercado","status":"publish","type":"page","link":"https:\/\/editorial.ulagos.cl\/home\/los-artificios-culturales-del-arte-mercado\/","title":{"rendered":"LOS ARTIFICIOS CULTURALES DEL ARTE MERCADO"},"content":{"rendered":"<p>[vc_row][vc_column width=\u00bb1\/2&#8243;][vc_column_text]<\/p>\n<h4><em>El simulacro en tiempos de la est\u00e9tica pretendida<\/em><\/h4>\n<p><strong>Jorge Ferrada<\/strong><\/p>\n<p class=\"p1\"><i>Este libro es una invitaci\u00f3n a pensar en el arte, sus producciones <\/i><i>y sus formas exhibitivas, como fantasmas mercantiles que cautivan <\/i><i>y domestican la fuerza cr\u00edtica, reflexiva y liberadora que ha <\/i><i>caracterizado al arte y al campo de producci\u00f3n en los \u00faltimos <\/i><i>decenios. Un trabajo de revisi\u00f3n cr\u00edtica sobre la producci\u00f3n <\/i><i>art\u00edstica contempor\u00e1nea, pondr\u00eda su acento en las disputas que <\/i><i>ocurren al interior del campo del arte, las formas que asumen <\/i><i>sus tensiones, sus espacios de circulaci\u00f3n, las exposiciones, sus <\/i><i>bienales (entendida \u00e9sta \u00faltima, como la internacionalizaci\u00f3n de <\/i><i>los artistas, obras y discursos), su oferta y demanda, sus relaciones <\/i><i>pol\u00edticas y econ\u00f3micas, el rol de los artistas y sus pr\u00e1cticas.<\/i><\/p>\n<p class=\"p1\"><i>Esta suerte de cartograf\u00eda, devela un escenario en permanente <\/i><i>movimiento, que pliega y repliega una serie de cuestionamientos, <\/i><i>dirigidos hacia las instituciones que legitiman el espacio cultural, <\/i><i>que definen las obras y a los artistas como parte de una serie de <\/i><i>estrategias de validaci\u00f3n, sostenidas en el mercado y en los medios <\/i><i>de comunicaci\u00f3n, como formas colectivas de representatividad.<\/i><\/p>\n<p>ISBN: 978-956-6043-68-3<\/p>\n<p>&nbsp;<\/p>\n<p><em><strong>Disponible en librer\u00edas<\/strong><\/em><\/p>\n<p>(consultas a <a href=\"mailto:editorial@ulagos.cl\">editorial@ulagos.cl<\/a>)[\/vc_column_text][\/vc_column][vc_column width=\u00bb1\/2&#8243;][vc_single_image image=\u00bb1609&#8243; img_size=\u00bblarge\u00bb][\/vc_column][\/vc_row]<\/p>\n","protected":false},"excerpt":{"rendered":"<p>[vc_row][vc_column width=\u00bb1\/2&#8243;][vc_column_text] El simulacro en tiempos de la est\u00e9tica pretendida Jorge Ferrada Este libro es una invitaci\u00f3n a pensar en el arte, sus producciones y sus formas exhibitivas, como fantasmas mercantiles que cautivan y domestican la fuerza cr\u00edtica, reflexiva y liberadora que ha caracterizado al arte y al campo de producci\u00f3n en los \u00faltimos decenios. [&hellip;]<\/p>\n","protected":false},"author":2,"featured_media":0,"parent":0,"menu_order":0,"comment_status":"closed","ping_status":"closed","template":"","meta":[],"categories":[],"tags":[],"_links":{"self":[{"href":"https:\/\/editorial.ulagos.cl\/home\/wp-json\/wp\/v2\/pages\/1605"}],"collection":[{"href":"https:\/\/editorial.ulagos.cl\/home\/wp-json\/wp\/v2\/pages"}],"about":[{"href":"https:\/\/editorial.ulagos.cl\/home\/wp-json\/wp\/v2\/types\/page"}],"author":[{"embeddable":true,"href":"https:\/\/editorial.ulagos.cl\/home\/wp-json\/wp\/v2\/users\/2"}],"replies":[{"embeddable":true,"href":"https:\/\/editorial.ulagos.cl\/home\/wp-json\/wp\/v2\/comments?post=1605"}],"version-history":[{"count":9,"href":"https:\/\/editorial.ulagos.cl\/home\/wp-json\/wp\/v2\/pages\/1605\/revisions"}],"predecessor-version":[{"id":2026,"href":"https:\/\/editorial.ulagos.cl\/home\/wp-json\/wp\/v2\/pages\/1605\/revisions\/2026"}],"wp:attachment":[{"href":"https:\/\/editorial.ulagos.cl\/home\/wp-json\/wp\/v2\/media?parent=1605"}],"wp:term":[{"taxonomy":"category","embeddable":true,"href":"https:\/\/editorial.ulagos.cl\/home\/wp-json\/wp\/v2\/categories?post=1605"},{"taxonomy":"post_tag","embeddable":true,"href":"https:\/\/editorial.ulagos.cl\/home\/wp-json\/wp\/v2\/tags?post=1605"}],"curies":[{"name":"wp","href":"https:\/\/api.w.org\/{rel}","templated":true}]}}

<p>[vc_row][vc_column width=»1/2&#8243;][vc_column_text]</p>
<h4><em>El simulacro en tiempos de la estética pretendida</em></h4>
<p><strong>Jorge Ferrada</strong></p>
<p class="p1"><i>Este libro es una invitación a pensar en el arte, sus producciones </i><i>y sus formas exhibitivas, como fantasmas mercantiles que cautivan </i><i>y domestican la fuerza crítica, reflexiva y liberadora que ha </i><i>caracterizado al arte y al campo de producción en los últimos </i><i>decenios. Un trabajo de revisión crítica sobre la producción </i><i>artística contemporánea, pondría su acento en las disputas que </i><i>ocurren al interior del campo del arte, las formas que asumen </i><i>sus tensiones, sus espacios de circulación, las exposiciones, sus </i><i>bienales (entendida ésta última, como la internacionalización de </i><i>los artistas, obras y discursos), su oferta y demanda, sus relaciones </i><i>políticas y económicas, el rol de los artistas y sus prácticas.</i></p>
<p class="p1"><i>Esta suerte de cartografía, devela un escenario en permanente </i><i>movimiento, que pliega y repliega una serie de cuestionamientos, </i><i>dirigidos hacia las instituciones que legitiman el espacio cultural, </i><i>que definen las obras y a los artistas como parte de una serie de </i><i>estrategias de validación, sostenidas en el mercado y en los medios </i><i>de comunicación, como formas colectivas de representatividad.</i></p>
<p>ISBN: 978-956-6043-68-3</p>
<p>&nbsp;</p>
<p><em><strong>Disponible en librerías</strong></em></p>
<p>(consultas a <a href="mailto:editorial@ulagos.cl">editorial@ulagos.cl</a>)[/vc_column_text][/vc_column][vc_column width=»1/2&#8243;][vc_single_image image=»1609&#8243; img_size=»large»][/vc_column][/vc_row]</p>

<p>[vc_row][vc_column width=»1/2&#8243;][vc_column_text] El simulacro en tiempos de la estética pretendida Jorge Ferrada Este libro es una invitación a pensar en el arte, sus producciones y sus formas exhibitivas, como fantasmas mercantiles que cautivan y domestican la fuerza crítica, reflexiva y liberadora que ha caracterizado al arte y al campo de producción en los últimos decenios. [&hellip;]</p>
