{"id":1614,"date":"2022-04-29T07:35:12","date_gmt":"2022-04-29T05:35:12","guid":{"rendered":"http:\/\/editorial.ulagos.cl\/?page_id=1614"},"modified":"2022-05-02T17:09:48","modified_gmt":"2022-05-02T15:09:48","slug":"manual-implementacion-del-modelo-de-aprendizaje-profesional-nivel-1","status":"publish","type":"page","link":"https:\/\/editorial.ulagos.cl\/home\/manual-implementacion-del-modelo-de-aprendizaje-profesional-nivel-1\/","title":{"rendered":"Manual implementaci\u00f3n del modelo de aprendizaje profesional nivel-1"},"content":{"rendered":"<p>[vc_row][vc_column width=\u00bb1\/2&#8243;][vc_column_text]<strong>Mar\u00eda Cristina Flores Negr\u00f3n <\/strong><\/p>\n<p><strong>Ana Lorena Mujica Hoevelmayer <\/strong><\/p>\n<p><strong>Alejandra Patricia Ricouz Moya <\/strong><\/p>\n<p><strong>Camila Gabriela Spormann Romeri <\/strong><\/p>\n<p><strong>Rub\u00e9n Bernardo Inostroza Torres <\/strong><\/p>\n<p><strong>Wilfredo Antonio Leyton Lazo <\/strong><\/p>\n<p><strong>Jos\u00e9 Miguel Uribe Sol\u00eds <\/strong><\/p>\n<p><strong>Edmundo Jo\u00e3o Mansilla Cordeiro<\/strong><\/p>\n<p>&nbsp;<\/p>\n<p>ISBN: 978-956-6043-45-4<\/p>\n<p>DOI:<\/p>\n<p><a href=\"http:\/\/editorial.ulagos.cl\/wp-content\/uploads\/2022\/04\/Manual-implementacio\u0301n-del-modelo-de-aprendizaje-profesional-nivel-1.pdf\" target=\"_blank\" rel=\"noopener noreferrer\"><img decoding=\"async\" loading=\"lazy\" class=\"img-responsive alignnone\" style=\"width: 60px; height: 60px;\" src=\"http:\/\/editorial.ulagos.cl\/wp-content\/uploads\/2021\/04\/pdflogo-e1620831312474.jpg\" alt=\"none\" width=\"300\" height=\"300\" \/><\/a><a href=\"http:\/\/editorial.ulagos.cl\/wp-content\/uploads\/2022\/04\/Manual-implementacio\u0301n-del-modelo-de-aprendizaje-profesional-nivel-1.pdf\" target=\"_blank\" rel=\"noopener noreferrer\">Manual implementacio\u0301n del modelo de aprendizaje profesional nivel-1<\/a>[\/vc_column_text][\/vc_column][vc_column width=\u00bb1\/2&#8243;][vc_single_image image=\u00bb1616&#8243; img_size=\u00bblarge\u00bb][\/vc_column][\/vc_row]<\/p>\n","protected":false},"excerpt":{"rendered":"<p>[vc_row][vc_column width=\u00bb1\/2&#8243;][vc_column_text]Mar\u00eda Cristina Flores Negr\u00f3n Ana Lorena Mujica Hoevelmayer Alejandra Patricia Ricouz Moya Camila Gabriela Spormann Romeri Rub\u00e9n Bernardo Inostroza Torres Wilfredo Antonio Leyton Lazo Jos\u00e9 Miguel Uribe Sol\u00eds Edmundo Jo\u00e3o Mansilla Cordeiro &nbsp; ISBN: 978-956-6043-45-4 DOI: Manual implementacio\u0301n del modelo de aprendizaje profesional nivel-1[\/vc_column_text][\/vc_column][vc_column width=\u00bb1\/2&#8243;][vc_single_image image=\u00bb1616&#8243; img_size=\u00bblarge\u00bb][\/vc_column][\/vc_row]<\/p>\n","protected":false},"author":2,"featured_media":0,"parent":0,"menu_order":0,"comment_status":"closed","ping_status":"closed","template":"","meta":[],"categories":[],"tags":[],"_links":{"self":[{"href":"https:\/\/editorial.ulagos.cl\/home\/wp-json\/wp\/v2\/pages\/1614"}],"collection":[{"href":"https:\/\/editorial.ulagos.cl\/home\/wp-json\/wp\/v2\/pages"}],"about":[{"href":"https:\/\/editorial.ulagos.cl\/home\/wp-json\/wp\/v2\/types\/page"}],"author":[{"embeddable":true,"href":"https:\/\/editorial.ulagos.cl\/home\/wp-json\/wp\/v2\/users\/2"}],"replies":[{"embeddable":true,"href":"https:\/\/editorial.ulagos.cl\/home\/wp-json\/wp\/v2\/comments?post=1614"}],"version-history":[{"count":3,"href":"https:\/\/editorial.ulagos.cl\/home\/wp-json\/wp\/v2\/pages\/1614\/revisions"}],"predecessor-version":[{"id":1638,"href":"https:\/\/editorial.ulagos.cl\/home\/wp-json\/wp\/v2\/pages\/1614\/revisions\/1638"}],"wp:attachment":[{"href":"https:\/\/editorial.ulagos.cl\/home\/wp-json\/wp\/v2\/media?parent=1614"}],"wp:term":[{"taxonomy":"category","embeddable":true,"href":"https:\/\/editorial.ulagos.cl\/home\/wp-json\/wp\/v2\/categories?post=1614"},{"taxonomy":"post_tag","embeddable":true,"href":"https:\/\/editorial.ulagos.cl\/home\/wp-json\/wp\/v2\/tags?post=1614"}],"curies":[{"name":"wp","href":"https:\/\/api.w.org\/{rel}","templated":true}]}}

Manual implementación del modelo de aprendizaje profesional nivel-1

<p>[vc_row][vc_column width=»1/2&#8243;][vc_column_text]<strong>María Cristina Flores Negrón </strong></p>
<p><strong>Ana Lorena Mujica Hoevelmayer </strong></p>
<p><strong>Alejandra Patricia Ricouz Moya </strong></p>
<p><strong>Camila Gabriela Spormann Romeri </strong></p>
<p><strong>Rubén Bernardo Inostroza Torres </strong></p>
<p><strong>Wilfredo Antonio Leyton Lazo </strong></p>
<p><strong>José Miguel Uribe Solís </strong></p>
<p><strong>Edmundo João Mansilla Cordeiro</strong></p>
<p>&nbsp;</p>
<p>ISBN: 978-956-6043-45-4</p>
<p>DOI:</p>
<p><a href="http://editorial.ulagos.cl/wp-content/uploads/2022/04/Manual-implementación-del-modelo-de-aprendizaje-profesional-nivel-1.pdf" target="_blank" rel="noopener noreferrer"><img decoding="async" loading="lazy" class="img-responsive alignnone" style="width: 60px; height: 60px;" src="http://editorial.ulagos.cl/wp-content/uploads/2021/04/pdflogo-e1620831312474.jpg" alt="none" width="300" height="300" /></a><a href="http://editorial.ulagos.cl/wp-content/uploads/2022/04/Manual-implementación-del-modelo-de-aprendizaje-profesional-nivel-1.pdf" target="_blank" rel="noopener noreferrer">Manual implementación del modelo de aprendizaje profesional nivel-1</a>[/vc_column_text][/vc_column][vc_column width=»1/2&#8243;][vc_single_image image=»1616&#8243; img_size=»large»][/vc_column][/vc_row]</p>

<p>[vc_row][vc_column width=»1/2&#8243;][vc_column_text]María Cristina Flores Negrón Ana Lorena Mujica Hoevelmayer Alejandra Patricia Ricouz Moya Camila Gabriela Spormann Romeri Rubén Bernardo Inostroza Torres Wilfredo Antonio Leyton Lazo José Miguel Uribe Solís Edmundo João Mansilla Cordeiro &nbsp; ISBN: 978-956-6043-45-4 DOI: Manual implementación del modelo de aprendizaje profesional nivel-1[/vc_column_text][/vc_column][vc_column width=»1/2&#8243;][vc_single_image image=»1616&#8243; img_size=»large»][/vc_column][/vc_row]</p>
