{"id":1650,"date":"2022-05-03T18:35:07","date_gmt":"2022-05-03T16:35:07","guid":{"rendered":"http:\/\/editorial.ulagos.cl\/?page_id=1650"},"modified":"2022-09-29T22:45:00","modified_gmt":"2022-09-29T20:45:00","slug":"repensando-la-educacion-rural-reflexiones-y-aportes-en-el-territorio-chileno","status":"publish","type":"page","link":"https:\/\/editorial.ulagos.cl\/home\/repensando-la-educacion-rural-reflexiones-y-aportes-en-el-territorio-chileno\/","title":{"rendered":"REPENSANDO LA EDUCACI\u00d3N RURAL. Reflexiones y Aportes en el Territorio Chileno."},"content":{"rendered":"<p>[vc_row][vc_column width=\u00bb1\/2&#8243;][vc_column_text]<\/p>\n<h2 class=\"p1\">Contribuciones de la Red de Universidades Chilenas Por la Educaci\u00f3n Rural (RUCHER)<\/h2>\n<h3>Silvia Retamal Cisterna (compiladora)<\/h3>\n<p><span style=\"font-weight: 400;\">Uno de los desaf\u00edos propuestos por la Red de Universidades Chilenas por la Educaci\u00f3n Rural (RUCHER), tras a\u00f1os de trayectoria, es dar a conocer el trabajo que hacen las distintas universidades participantes, en torno a la escuela rural.<\/span><\/p>\n<p><span style=\"font-weight: 400;\">Este libro titulado \u201cRepensando la educaci\u00f3n rural: reflexiones y aportes en el territorio chileno\u201d pretende ser una contribuci\u00f3n para la generaci\u00f3n de ideas en el plano de la educaci\u00f3n rural. En estas p\u00e1ginas se recogen\u00a0 diagn\u00f3sticos, problemas, necesidades y propuestas que se llevan a cabo en nuestro territorio.\u00a0<\/span><\/p>\n<p><span style=\"font-weight: 400;\">En este libro se presentan reflexiones e investigaciones que hablan sobre la diversidad tem\u00e1tica y enfoques presentes en la relaci\u00f3n entre la instituci\u00f3n escolar y el medio rural. En cada uno de los cap\u00edtulos se refleja el inter\u00e9s por aportar,\u00a0 a trav\u00e9s del conocimiento y experiencias elaboradas en cada una de las instituciones acad\u00e9micas, y al mismo tiempo, se materializa el compromiso por la transformaci\u00f3n y la emancipaci\u00f3n del sistema educativo en favor de la justicia social.\u00a0<\/span><\/p>\n<p>ISBN: 978-956-6043-63-8<\/p>\n<p>DOI: <a href=\"https:\/\/doi.org\/10.32735\/978-956-6043-64-5\/2022\" target=\"_blank\" rel=\"noopener noreferrer\">https:\/\/doi.org\/10.32735\/978-956-6043-64-5\/2022<\/a><\/p>\n<p><a href=\"http:\/\/editorial.ulagos.cl\/wp-content\/uploads\/2022\/06\/Repensando-la-educacion-rural.pdf\" target=\"_blank\" rel=\"noopener noreferrer\" data-lity=\"\" data-title=\"\"><img decoding=\"async\" loading=\"lazy\" class=\"img-responsive alignnone\" style=\"width: 60px; height: 60px;\" src=\"http:\/\/editorial.ulagos.cl\/wp-content\/uploads\/2021\/04\/pdflogo-e1620831312474.jpg\" alt=\"none\" width=\"300\" height=\"300\" \/><\/a><a href=\"http:\/\/editorial.ulagos.cl\/wp-content\/uploads\/2022\/06\/Repensando-la-educacion-rural.pdf\">Repensando la educacion rural<\/a><\/p>\n<p>&nbsp;<\/p>\n<p><a href=\"http:\/\/editorial.ulagos.cl\/wp-content\/uploads\/2022\/06\/Repensando-educacion-rural.epub\" target=\"_blank\" rel=\"noopener noreferrer\" data-lity=\"\" data-title=\"\"><img decoding=\"async\" loading=\"lazy\" class=\"img-responsive alignnone\" style=\"width: 60px; height: 67px;\" src=\"http:\/\/editorial.ulagos.cl\/wp-content\/uploads\/2021\/04\/epublogo2-e1650635571221.jpg\" alt=\"none\" width=\"65\" height=\"73\" \/><\/a><a href=\"http:\/\/editorial.ulagos.cl\/wp-content\/uploads\/2022\/06\/Repensando-educacion-rural.epub\" target=\"_blank\" rel=\"noopener noreferrer\">Repensando la educacion rural<\/a>[\/vc_column_text][\/vc_column][vc_column width=\u00bb1\/2&#8243;][vc_single_image image=\u00bb1656&#8243; img_size=\u00bbmedium\u00bb][\/vc_column][\/vc_row]<\/p>\n","protected":false},"excerpt":{"rendered":"<p>[vc_row][vc_column width=\u00bb1\/2&#8243;][vc_column_text] Contribuciones de la Red de Universidades Chilenas Por la Educaci\u00f3n Rural (RUCHER) Silvia Retamal Cisterna (compiladora) Uno de los desaf\u00edos propuestos por la Red de Universidades Chilenas por la Educaci\u00f3n Rural (RUCHER), tras a\u00f1os de trayectoria, es dar a conocer el trabajo que hacen las distintas universidades participantes, en torno a la escuela [&hellip;]<\/p>\n","protected":false},"author":2,"featured_media":0,"parent":0,"menu_order":0,"comment_status":"closed","ping_status":"closed","template":"","meta":[],"categories":[],"tags":[],"_links":{"self":[{"href":"https:\/\/editorial.ulagos.cl\/home\/wp-json\/wp\/v2\/pages\/1650"}],"collection":[{"href":"https:\/\/editorial.ulagos.cl\/home\/wp-json\/wp\/v2\/pages"}],"about":[{"href":"https:\/\/editorial.ulagos.cl\/home\/wp-json\/wp\/v2\/types\/page"}],"author":[{"embeddable":true,"href":"https:\/\/editorial.ulagos.cl\/home\/wp-json\/wp\/v2\/users\/2"}],"replies":[{"embeddable":true,"href":"https:\/\/editorial.ulagos.cl\/home\/wp-json\/wp\/v2\/comments?post=1650"}],"version-history":[{"count":12,"href":"https:\/\/editorial.ulagos.cl\/home\/wp-json\/wp\/v2\/pages\/1650\/revisions"}],"predecessor-version":[{"id":1717,"href":"https:\/\/editorial.ulagos.cl\/home\/wp-json\/wp\/v2\/pages\/1650\/revisions\/1717"}],"wp:attachment":[{"href":"https:\/\/editorial.ulagos.cl\/home\/wp-json\/wp\/v2\/media?parent=1650"}],"wp:term":[{"taxonomy":"category","embeddable":true,"href":"https:\/\/editorial.ulagos.cl\/home\/wp-json\/wp\/v2\/categories?post=1650"},{"taxonomy":"post_tag","embeddable":true,"href":"https:\/\/editorial.ulagos.cl\/home\/wp-json\/wp\/v2\/tags?post=1650"}],"curies":[{"name":"wp","href":"https:\/\/api.w.org\/{rel}","templated":true}]}}