{"id":2089,"date":"2025-11-28T12:21:45","date_gmt":"2025-11-28T15:21:45","guid":{"rendered":"https:\/\/editorial.ulagos.cl\/home\/?page_id=2089"},"modified":"2025-11-28T13:07:17","modified_gmt":"2025-11-28T16:07:17","slug":"expertas-ii","status":"publish","type":"page","link":"https:\/\/editorial.ulagos.cl\/home\/expertas-ii\/","title":{"rendered":"EXPERTAS II"},"content":{"rendered":"<p>[vc_row][vc_column width=\u00bb1\/2&#8243;][vc_column_text]<strong>Direcci\u00f3n de Igualdad de G\u00e9nero<\/strong><\/p>\n<p class=\"p2\">El segundo volumen de la serie Expertas re\u00fane a diez mujeres de la Universidad de Los Lagos que ponen en di\u00e1logo su vida y obra. Para ello, destacan hitos de su trayectoria que, desde su infancia hasta la adultez, han incidido en lo que hoy es su vida profesional y acad\u00e9mica.<\/p>\n<p class=\"p2\"><i>Expertas II. Diez voces en investigaci\u00f3n y creaci\u00f3n <\/i>da a conocer la vida de seis mujeres vinculadas a las \u00e1reas de salud y educaci\u00f3n como la kinesiolog\u00eda, la psicolog\u00eda y la pedagog\u00eda, as\u00ed como a las artes visuales y la arquitectura.<\/p>\n<p class=\"p2\">En el coraz\u00f3n del relato de las investigadoras\/creadoras, o viceversa, se encuentran tres ideas fundamentales: que el trabajo de investigar est\u00e1 fuertemente ligado al de crear; que la necesidad de indagar y trabajar interdisciplinariamente es cada vez m\u00e1s apremiante; y que muchas veces las dificultades pueden convertirse en inspiraci\u00f3n para pensar en objetos de estudio o de creaci\u00f3n. Ejemplo de ello, y como parte de la trayectoria de muchas de ellas, se hallar\u00e1 la experiencia de maternar durante el proceso formativo.<\/p>\n<p>ISBN: 978-956-6043-46-1<\/p>\n<p><a href=\"http:\/\/editorial.ulagos.cl\/wp-content\/uploads\/2022\/04\/Expertas-cinco-voces-feministas-en-stem.pdf\" target=\"_blank\" rel=\"noopener noreferrer\"><img decoding=\"async\" loading=\"lazy\" class=\"img-responsive alignnone\" style=\"width: 60px; height: 60px;\" src=\"http:\/\/editorial.ulagos.cl\/wp-content\/uploads\/2021\/04\/pdflogo-e1620831312474.jpg\" alt=\"none\" width=\"300\" height=\"300\" \/><\/a><a href=\"http:\/\/editorial.ulagos.cl\/wp-content\/uploads\/Expertas-II.pdf\">Expertas II<\/a>[\/vc_column_text][\/vc_column][vc_column width=\u00bb1\/2&#8243;][vc_single_image image=\u00bb2186&#8243; img_size=\u00bblarge\u00bb][\/vc_column][\/vc_row]<\/p>\n","protected":false},"excerpt":{"rendered":"<p>[vc_row][vc_column width=\u00bb1\/2&#8243;][vc_column_text]Direcci\u00f3n de Igualdad de G\u00e9nero El segundo volumen de la serie Expertas re\u00fane a diez mujeres de la Universidad de Los Lagos que ponen en di\u00e1logo su vida y obra. Para ello, destacan hitos de su trayectoria que, desde su infancia hasta la adultez, han incidido en lo que hoy es su vida profesional [&hellip;]<\/p>\n","protected":false},"author":2,"featured_media":0,"parent":0,"menu_order":0,"comment_status":"closed","ping_status":"closed","template":"","meta":[],"categories":[],"tags":[],"_links":{"self":[{"href":"https:\/\/editorial.ulagos.cl\/home\/wp-json\/wp\/v2\/pages\/2089"}],"collection":[{"href":"https:\/\/editorial.ulagos.cl\/home\/wp-json\/wp\/v2\/pages"}],"about":[{"href":"https:\/\/editorial.ulagos.cl\/home\/wp-json\/wp\/v2\/types\/page"}],"author":[{"embeddable":true,"href":"https:\/\/editorial.ulagos.cl\/home\/wp-json\/wp\/v2\/users\/2"}],"replies":[{"embeddable":true,"href":"https:\/\/editorial.ulagos.cl\/home\/wp-json\/wp\/v2\/comments?post=2089"}],"version-history":[{"count":7,"href":"https:\/\/editorial.ulagos.cl\/home\/wp-json\/wp\/v2\/pages\/2089\/revisions"}],"predecessor-version":[{"id":2199,"href":"https:\/\/editorial.ulagos.cl\/home\/wp-json\/wp\/v2\/pages\/2089\/revisions\/2199"}],"wp:attachment":[{"href":"https:\/\/editorial.ulagos.cl\/home\/wp-json\/wp\/v2\/media?parent=2089"}],"wp:term":[{"taxonomy":"category","embeddable":true,"href":"https:\/\/editorial.ulagos.cl\/home\/wp-json\/wp\/v2\/categories?post=2089"},{"taxonomy":"post_tag","embeddable":true,"href":"https:\/\/editorial.ulagos.cl\/home\/wp-json\/wp\/v2\/tags?post=2089"}],"curies":[{"name":"wp","href":"https:\/\/api.w.org\/{rel}","templated":true}]}}