{"id":2203,"date":"2025-11-28T13:14:33","date_gmt":"2025-11-28T16:14:33","guid":{"rendered":"https:\/\/editorial.ulagos.cl\/home\/?page_id=2203"},"modified":"2025-11-28T13:18:32","modified_gmt":"2025-11-28T16:18:32","slug":"expertas-iii","status":"publish","type":"page","link":"https:\/\/editorial.ulagos.cl\/home\/expertas-iii\/","title":{"rendered":"EXPERTAS III"},"content":{"rendered":"<p>[vc_row][vc_column width=\u00bb1\/2&#8243;][vc_column_text]<\/p>\n<h3>EXPERTAS III<\/h3>\n<h4><strong>Siete voces en tiempos inciertos<\/strong><\/h4>\n<p class=\"p2\">El tercer volumen de la serie <i>Expertas <\/i>re\u00fane a siete mujeres de la Universidad de Los Lagos que, adem\u00e1s de escribir sobre su vida y obra, desde diversas miradas y realidades, nos abren una ventana \u00edntima para conocer lo que fue la pandemia para cada una de ellas, c\u00f3mo la vivieron, c\u00f3mo enfrentaron sus propios miedos y duelos, y a trav\u00e9s de qu\u00e9 mecanismos mantuvieron o reencontraron algo parecido a la esperanza.<\/p>\n<p class=\"p2\">\u00bfC\u00f3mo fue trabajar y maternar en el encierro? \u00bfC\u00f3mo se dividieron las tareas dentro de una familia? \u00bfQu\u00e9 nos leg\u00f3 la pandemia, el encierro, la vida en cuarentena?<\/p>\n<p class=\"p2\">Estos escritos dan cuenta de que en el reducido espacio de la vida dom\u00e9stica, podemos pensar y abordar problemas pol\u00edticos universales: el rol de la mujer, la inequidad de g\u00e9nero, la asignaci\u00f3n de las tareas, el sentido comunitario, la acumulaci\u00f3n de capital, los privilegios, la enfermedad, los viajes, la crisis sanitaria y medioambiental, el tiempo libre.<\/p>\n<p><a class=\"linkimagen\" href=\"http:\/\/editorial.ulagos.cl\/wp-content\/uploads\/Expertas-III.pdf\" target=\"_blank\" rel=\"noopener\" data-lity=\"\" data-title=\"\"><img decoding=\"async\" loading=\"lazy\" class=\"img-responsive alignnone\" style=\"width: 32px; height: 37px;\" src=\"http:\/\/editorial.ulagos.cl\/wp-content\/uploads\/2020\/05\/pdf-ico.png\" alt=\"none\" width=\"33\" height=\"38\" \/><\/a><a href=\"http:\/\/editorial.ulagos.cl\/wp-content\/uploads\/Expertas-III.pdf\" target=\"_blank\" rel=\"noopener\">\u00a0Expertas III<\/a><\/p>\n<p>&nbsp;<\/p>\n<p>ISBN: 978-956-6043-96-6<\/p>\n<p>&nbsp;<\/p>\n<p>&nbsp;<\/p>\n<div id=\"gtx-trans\" style=\"position: absolute; left: -89px; top: -6.28125px;\">\n<div class=\"gtx-trans-icon\"><\/div>\n<\/div>\n<p>[\/vc_column_text][\/vc_column][vc_column width=\u00bb1\/2&#8243;][vc_single_image image=\u00bb2191&#8243; img_size=\u00bblarge\u00bb][\/vc_column][\/vc_row][vc_row][vc_column width=\u00bb1\/3&#8243;][vc_column_text]I am text block. Click edit button to change this text. Lorem ipsum dolor sit amet, consectetur adipiscing elit. Ut elit tellus, luctus nec ullamcorper mattis, pulvinar dapibus leo.[\/vc_column_text][vc_column_text]I am text block. Click edit button to change this text. Lorem ipsum dolor sit amet, consectetur adipiscing elit. Ut elit tellus, luctus nec ullamcorper mattis, pulvinar dapibus leo.[\/vc_column_text][\/vc_column][vc_column width=\u00bb1\/3&#8243;][vc_column_text]I am text block. Click edit button to change this text. Lorem ipsum dolor sit amet, consectetur adipiscing elit. Ut elit tellus, luctus nec ullamcorper mattis, pulvinar dapibus leo.[\/vc_column_text][vc_column_text]I am text block. Click edit button to change this text. Lorem ipsum dolor sit amet, consectetur adipiscing elit. Ut elit tellus, luctus nec ullamcorper mattis, pulvinar dapibus leo.[\/vc_column_text][\/vc_column][vc_column width=\u00bb1\/3&#8243;][vc_column_text]I am text block. Click edit button to change this text. Lorem ipsum dolor sit amet, consectetur adipiscing elit. Ut elit tellus, luctus nec ullamcorper mattis, pulvinar dapibus leo.[\/vc_column_text][vc_column_text]I am text block. Click edit button to change this text. Lorem ipsum dolor sit amet, consectetur adipiscing elit. Ut elit tellus, luctus nec ullamcorper mattis, pulvinar dapibus leo.[\/vc_column_text][\/vc_column][\/vc_row]<\/p>\n","protected":false},"excerpt":{"rendered":"<p>[vc_row][vc_column width=\u00bb1\/2&#8243;][vc_column_text] EXPERTAS III Siete voces en tiempos inciertos El tercer volumen de la serie Expertas re\u00fane a siete mujeres de la Universidad de Los Lagos que, adem\u00e1s de escribir sobre su vida y obra, desde diversas miradas y realidades, nos abren una ventana \u00edntima para conocer lo que fue la pandemia para cada una [&hellip;]<\/p>\n","protected":false},"author":2,"featured_media":0,"parent":0,"menu_order":0,"comment_status":"closed","ping_status":"closed","template":"","meta":[],"categories":[],"tags":[],"_links":{"self":[{"href":"https:\/\/editorial.ulagos.cl\/home\/wp-json\/wp\/v2\/pages\/2203"}],"collection":[{"href":"https:\/\/editorial.ulagos.cl\/home\/wp-json\/wp\/v2\/pages"}],"about":[{"href":"https:\/\/editorial.ulagos.cl\/home\/wp-json\/wp\/v2\/types\/page"}],"author":[{"embeddable":true,"href":"https:\/\/editorial.ulagos.cl\/home\/wp-json\/wp\/v2\/users\/2"}],"replies":[{"embeddable":true,"href":"https:\/\/editorial.ulagos.cl\/home\/wp-json\/wp\/v2\/comments?post=2203"}],"version-history":[{"count":2,"href":"https:\/\/editorial.ulagos.cl\/home\/wp-json\/wp\/v2\/pages\/2203\/revisions"}],"predecessor-version":[{"id":2207,"href":"https:\/\/editorial.ulagos.cl\/home\/wp-json\/wp\/v2\/pages\/2203\/revisions\/2207"}],"wp:attachment":[{"href":"https:\/\/editorial.ulagos.cl\/home\/wp-json\/wp\/v2\/media?parent=2203"}],"wp:term":[{"taxonomy":"category","embeddable":true,"href":"https:\/\/editorial.ulagos.cl\/home\/wp-json\/wp\/v2\/categories?post=2203"},{"taxonomy":"post_tag","embeddable":true,"href":"https:\/\/editorial.ulagos.cl\/home\/wp-json\/wp\/v2\/tags?post=2203"}],"curies":[{"name":"wp","href":"https:\/\/api.w.org\/{rel}","templated":true}]}}