{"id":33,"date":"2019-09-04T17:00:55","date_gmt":"2019-09-04T15:00:55","guid":{"rendered":"http:\/\/editorial.ulagos.cl\/?page_id=33"},"modified":"2023-12-11T16:20:12","modified_gmt":"2023-12-11T15:20:12","slug":"unidadeditorial","status":"publish","type":"page","link":"https:\/\/editorial.ulagos.cl\/home\/unidadeditorial\/","title":{"rendered":"Unidad Editorial"},"content":{"rendered":"<p>[vc_row][vc_column width=\u00bb1\/3&#8243;][vc_column_text]<a href=\"http:\/\/editorial.ulagos.cl\/wp-content\/uploads\/2020\/08\/ricardocasas-1.jpg\" data-lity=\"\" data-title=\"\"><img decoding=\"async\" class=\"img-responsive\" style=\"width: 206px; height: 286px;\" src=\"http:\/\/editorial.ulagos.cl\/wp-content\/uploads\/2020\/08\/ricardocasas-1.jpg\" alt=\"none\" \/><\/a><\/p>\n<p><strong>Ricardo Casas Tejeda<\/strong><\/p>\n<p>Director Editorial<\/p>\n<p><a href=\"mailto:ricardo.casas@ulagos.cl\">ricardo.casas@ulagos.cl<\/a><\/p>\n<p><a href=\"mailto:editorial@ulagos.cl\">editorial@ulagos.cl<\/a><\/p>\n<p><strong>Campus Osorno<\/strong><\/p>\n<div class=\"info_campus\">Avda. Fuschlocher 1305, Osorno, Chile<\/div>\n<p>[\/vc_column_text][\/vc_column][vc_column width=\u00bb1\/3&#8243;][vc_column_text]<a href=\"http:\/\/editorial.ulagos.cl\/wp-content\/uploads\/2020\/08\/alexishernandez_ajustado.jpg\" data-lity=\"\" data-title=\"\"><img decoding=\"async\" class=\"img-responsive\" style=\"width: 221px; height: 290px;\" src=\"http:\/\/editorial.ulagos.cl\/wp-content\/uploads\/2020\/08\/alexishernandez_ajustado.jpg\" alt=\"none\" \/><\/a><\/p>\n<p><strong>Alexis Hern\u00e1ndez Escobar<\/strong><\/p>\n<p>Dise\u00f1ador Gr\u00e1fico<\/p>\n<p><a href=\"mailto:alexis.hernandez@ulagos.cl\">alexis.hernandez@ulagos.cl<\/a>[\/vc_column_text][\/vc_column][vc_column width=\u00bb1\/3&#8243;][\/vc_column][\/vc_row]<\/p>\n","protected":false},"excerpt":{"rendered":"<p>[vc_row][vc_column width=\u00bb1\/3&#8243;][vc_column_text] Ricardo Casas Tejeda Director Editorial ricardo.casas@ulagos.cl editorial@ulagos.cl Campus Osorno Avda. Fuschlocher 1305, Osorno, Chile [\/vc_column_text][\/vc_column][vc_column width=\u00bb1\/3&#8243;][vc_column_text] Alexis Hern\u00e1ndez Escobar Dise\u00f1ador Gr\u00e1fico alexis.hernandez@ulagos.cl[\/vc_column_text][\/vc_column][vc_column width=\u00bb1\/3&#8243;][\/vc_column][\/vc_row]<\/p>\n","protected":false},"author":2,"featured_media":0,"parent":0,"menu_order":0,"comment_status":"closed","ping_status":"closed","template":"","meta":[],"categories":[],"tags":[],"_links":{"self":[{"href":"https:\/\/editorial.ulagos.cl\/home\/wp-json\/wp\/v2\/pages\/33"}],"collection":[{"href":"https:\/\/editorial.ulagos.cl\/home\/wp-json\/wp\/v2\/pages"}],"about":[{"href":"https:\/\/editorial.ulagos.cl\/home\/wp-json\/wp\/v2\/types\/page"}],"author":[{"embeddable":true,"href":"https:\/\/editorial.ulagos.cl\/home\/wp-json\/wp\/v2\/users\/2"}],"replies":[{"embeddable":true,"href":"https:\/\/editorial.ulagos.cl\/home\/wp-json\/wp\/v2\/comments?post=33"}],"version-history":[{"count":21,"href":"https:\/\/editorial.ulagos.cl\/home\/wp-json\/wp\/v2\/pages\/33\/revisions"}],"predecessor-version":[{"id":1819,"href":"https:\/\/editorial.ulagos.cl\/home\/wp-json\/wp\/v2\/pages\/33\/revisions\/1819"}],"wp:attachment":[{"href":"https:\/\/editorial.ulagos.cl\/home\/wp-json\/wp\/v2\/media?parent=33"}],"wp:term":[{"taxonomy":"category","embeddable":true,"href":"https:\/\/editorial.ulagos.cl\/home\/wp-json\/wp\/v2\/categories?post=33"},{"taxonomy":"post_tag","embeddable":true,"href":"https:\/\/editorial.ulagos.cl\/home\/wp-json\/wp\/v2\/tags?post=33"}],"curies":[{"name":"wp","href":"https:\/\/api.w.org\/{rel}","templated":true}]}}