{"id":541,"date":"2020-04-22T07:36:41","date_gmt":"2020-04-22T05:36:41","guid":{"rendered":"http:\/\/editorial.ulagos.cl\/?page_id=541"},"modified":"2024-01-03T10:36:41","modified_gmt":"2024-01-03T13:36:41","slug":"biblioteca-sede-santiago-expondra-textos-de-la-editorial-de-la-universidad-de-los-lagos-hasta-marzo-2","status":"publish","type":"page","link":"https:\/\/editorial.ulagos.cl\/home\/biblioteca-sede-santiago-expondra-textos-de-la-editorial-de-la-universidad-de-los-lagos-hasta-marzo-2\/","title":{"rendered":"Biblioteca Sede Santiago expondr\u00e1 textos de la Editorial de la Universidad de Los Lagos hasta marzo"},"content":{"rendered":"<p>[vc_row][vc_column][vc_single_image image=\u00bb502&#8243; img_size=\u00bbfull\u00bb add_caption=\u00bbyes\u00bb][vc_column_text]<\/p>\n<ul>\n<li><em>Son 40 libros editados entre 1997 y 2018, principalmente de acad\u00e9micos(as) e investigadores(as) de nuestra Casa de Estudios.<\/em><\/li>\n<\/ul>\n<p>[\/vc_column_text][\/vc_column][\/vc_row][vc_row][vc_column][vc_column_text]Hasta la primera semana de marzo la Biblioteca de la Sede Santiago estar\u00e1 exponiendo en el hall de entrada a Rep\u00fablica 517 textos de la\u00a0<a href=\"http:\/\/editorial.ulagos.cl\">Editorial de la Universidad de Los Lagos<\/a>\u00a0disponibles en su cat\u00e1logo.<\/p>\n<p>En total son 40 obras editadas entre los a\u00f1os 1997 y 2018 -principalmente de acad\u00e9micos(as) e investigadores(as) de la Universidad- y la mayor\u00eda pueden ser solicitados como pr\u00e9stamo a domicilio.<\/p>\n<p>Destacan los libros Destacan libros \u201cManual para la prevenci\u00f3n del bullying: intervenci\u00f3n social para la prevenci\u00f3n del Bullying en el Colegio Weston Academy de la Comuna de Maip\u00fa\u201d; \u201cIlegibilidad y cotidianeidad: paleograf\u00eda y colecci\u00f3n diplom\u00e1tica de documentos chilenos del per\u00edodo colonial (1548 -1651)\u201d; \u201cHistoria de la educaci\u00f3n en Chile: siglo XVI a los albores del XX\u201d; \u201cDel proyecto interrumpido de la democratizaci\u00f3n de la salud a la pr\u00e1ctica sanitaria neoliberal en Chile: una aproximaci\u00f3n hist\u00f3rica desde los Cuadernos M\u00e9dicos Sociales 1960-1998\u201d y \u201cResistencias y puntos de fuga: reflexiones y pr\u00e1cticas contraneoliberales\u201d.<\/p>\n<p>Tambi\u00e9n est\u00e1n disponibles textos como \u201cNiveles y perspectivas de investigaci\u00f3n en ciencias sociales: dise\u00f1os investigativos\u201d; \u201cCon los ancestros en la espalda: etnograf\u00eda transnacional de la santer\u00eda-If\u00e1 cubana en Santiago (Chile) y la Paz (Bolivia) 1990-2015\u201d; \u201cReflexiones sobre la incertidumbre, racionalidad, desarrollo, territorio y devenir\u201d; \u201cMemorias y andanzas de un hombre libre sin concesi\u00f3n\u201d; \u201cTexto, ling\u00fc\u00edstica y cultura: comunicaciones seleccionadas\u201d; \u201cEl Imaginario F\u00e1bulas Historias\u201d y \u201cLa historia por la historia: cr\u00edtica de la historiograf\u00eda actual\u201d.<\/p>\n<p>Asimismo, en el patio de la Sede se est\u00e1n exhibiendo los afiches que identificaron las siete exposiciones que levant\u00f3 la Biblioteca en 2019: \u201cD\u00eda Internacional de la mujer\u201d; \u201cD\u00eda mundial del libro y del derecho de autor\u201d; \u201cD\u00eda mundial del medioambiente\u201d; \u201cPoblaci\u00f3n y desarrollo territorial\u201d; \u201cLas poblaciones ind\u00edgenas\u201d; \u201cMemoria y reflexi\u00f3n\u201d y \u201cD\u00eda mundial de los docentes\u201d.<\/p>\n<p>Cabe consignar que la muestra, llamada \u201cLectura con sentido ULagos\u201d, en palabras de la encargada de Biblioteca, Lilia S\u00e1nchez, ha sido un \u201cempe\u00f1o conjunto entre las unidades de Biblioteca y Vinculaci\u00f3n con el medio y RSU de la Sede de incentivar el h\u00e1bito de lectura y la investigaci\u00f3n entre nuestros estudiantes, adem\u00e1s de visibilizar la colecci\u00f3n de libros con que contamos\u201d.<\/p>\n<p>Agrega que esta es \u201cotra muestra de nuestros deseos de poner los recursos de la Instituci\u00f3n al servicio de toda la comunidad universitaria\u201d.<\/p>\n<p>Otros libros exhibidos:<\/p>\n<ul>\n<li>\u201cAprender con tecnolog\u00edas en la sociedad del conocimiento: proyecto PEPE: plataforma de entornos pedag\u00f3gicos especializados\u201d<\/li>\n<li>\u201cNuevas experiencias de gesti\u00f3n p\u00fablica ciudadana: las 20 destacadas del Premio 2004\u201d<\/li>\n<li>\u201cObservatorio de pol\u00edticas p\u00fablicas: seguimiento semestral\u201d<\/li>\n<li>\u201cHacendados progresistas y modernizaci\u00f3n agraria en Chile Central (1850-1880)\u201d<\/li>\n<li>\u201cEl curr\u00edculum como intenci\u00f3n y como realizaci\u00f3n\u201d<\/li>\n<li>\u201cDiablos, \u00a1no pensaba en Chile hace tres a\u00f1os!: cartas in\u00e9ditas sobre la independencia de Chile, Argentina y Per\u00fa (1817-1825). Joseph Albert Bacler D\u2019Albe: estudio biogr\u00e1fico y prosopogr\u00e1fico\u201d<\/li>\n<li>\u201cAlcohol y trabajo: el alcohol y la formaci\u00f3n de las identidades laborales Chile. Siglo XIX y XX\u201d<\/li>\n<li>\u201cBuenas pr\u00e1cticas de promoci\u00f3n de salud y participaci\u00f3n ciudadana\u201d<\/li>\n<li>\u201cEl espa\u00f1ol de Chile en el per\u00edodo colonial: fon\u00e9tica\u201d<\/li>\n<li>\u201cEntre el dolor y la ira: la venganza de Antonio Ram\u00f3n Ram\u00f3n. Chile, 1914\u201d<\/li>\n<li>\u201cDi\u00e1logo de sordos entre Jos\u00e9 de San Mart\u00edn y Michel Brayer: cartas, art\u00edculos y manifiestos argentinos, chilenos y franceses durante la Independencia de Chile (1817-1819)\u201d<\/li>\n<li>\u201cPensamiento y acci\u00f3n educativos en Chile: a partir de los premios nacionales de ciencias de la educaci\u00f3n. Tomo I: premiados 1979-1993\u201d<\/li>\n<li>\u201cPensamiento y acci\u00f3n educativos en Chile: a partir de los premios nacionales de Ciencias de la Educaci\u00f3n. Tomo II: premiados 1995-2011\u201d<\/li>\n<li>\u201cDise\u00f1o curricular por competencias: innovaci\u00f3n en la formaci\u00f3n profesional: la experiencia de la Universidad de Los Lagos\u201d<\/li>\n<\/ul>\n<p>Libros regionales:<\/p>\n<ul>\n<li>\u201cRadiograf\u00eda econ\u00f3mica Regi\u00f3n de Los Lagos 2002\u201d<\/li>\n<li>\u201cCrecimiento econ\u00f3mico y construcci\u00f3n de una regi\u00f3n del Sur chileno: la Regi\u00f3n de Los Lagos\u201d<\/li>\n<li>\u201c\u00a1Contra viento y marea!: el salm\u00f3n en el sur chileno: una aproximaci\u00f3n t\u00e9mporo \u2013 espacial\u201d<\/li>\n<li>\u201cEmpresariado y pol\u00edtica: estudio sobre las relaciones pol\u00edticas de los empresarios germanos de la Provincia de Llanquihue (1891-1914)\u201d<\/li>\n<li>\u201cLos vascos franceses en la regi\u00f3n de Osorno (siglos XIX y XX): de inmigrantes libres a actores influyentes\u201d<\/li>\n<li>\u201cOsorno, la ciudad moderna del sur de Chile: salubridad, sociabilidad y discursos. Primera mitad del siglo XX\u201d<\/li>\n<li>\u201cLa destrucci\u00f3n de Osorno: rebeli\u00f3n mapuche-huilliche en el Chauracahuin, 1598-1604, sur de Chile. Una aproximaci\u00f3n hist\u00f3rica, cultural y territorial\u201d<\/li>\n<li>\u201cHistoria de Frutillar: 160 a\u00f1os de Frutillar\u201d<\/li>\n<li>\u201c\u00bfAd\u00f3nde se fue mi gente?: memorias y realidades en la construcci\u00f3n de Chilo\u00e9\u201d<\/li>\n<li>\u201cContaminaci\u00f3n de creencias: Trabajadores en tr\u00e1nsito y el mercado laboral urbano de Osorno, Chile (1880-1891)\u201d<\/li>\n<li>\u201cCrisis del agua y di\u00e1logo social regi\u00f3n de Coquimbo\u201d<\/li>\n<li>\u201cContemplando aves y mam\u00edferos de Ais\u00e9n\u201d<\/li>\n<li>\u201cMagallanes en ojos religiosos 1: escenarios conflictivos (1867-1900)\u201d<\/li>\n<li>\u201cMagallanes en ojos religiosos 2: Iglesia y sociedad (1867-1900)\u201d<\/li>\n<\/ul>\n<p>Autor: Andr\u00e9s Zanetti[\/vc_column_text][\/vc_column][\/vc_row]<\/p>\n","protected":false},"excerpt":{"rendered":"<p>[vc_row][vc_column][vc_single_image image=\u00bb502&#8243; img_size=\u00bbfull\u00bb add_caption=\u00bbyes\u00bb][vc_column_text] Son 40 libros editados entre 1997 y 2018, principalmente de acad\u00e9micos(as) e investigadores(as) de nuestra Casa de Estudios. [\/vc_column_text][\/vc_column][\/vc_row][vc_row][vc_column][vc_column_text]Hasta la primera semana de marzo la Biblioteca de la Sede Santiago estar\u00e1 exponiendo en el hall de entrada a Rep\u00fablica 517 textos de la\u00a0Editorial de la Universidad de Los Lagos\u00a0disponibles en su [&hellip;]<\/p>\n","protected":false},"author":2,"featured_media":502,"parent":0,"menu_order":0,"comment_status":"closed","ping_status":"closed","template":"","meta":[],"categories":[9],"tags":[5],"_links":{"self":[{"href":"https:\/\/editorial.ulagos.cl\/home\/wp-json\/wp\/v2\/pages\/541"}],"collection":[{"href":"https:\/\/editorial.ulagos.cl\/home\/wp-json\/wp\/v2\/pages"}],"about":[{"href":"https:\/\/editorial.ulagos.cl\/home\/wp-json\/wp\/v2\/types\/page"}],"author":[{"embeddable":true,"href":"https:\/\/editorial.ulagos.cl\/home\/wp-json\/wp\/v2\/users\/2"}],"replies":[{"embeddable":true,"href":"https:\/\/editorial.ulagos.cl\/home\/wp-json\/wp\/v2\/comments?post=541"}],"version-history":[{"count":5,"href":"https:\/\/editorial.ulagos.cl\/home\/wp-json\/wp\/v2\/pages\/541\/revisions"}],"predecessor-version":[{"id":548,"href":"https:\/\/editorial.ulagos.cl\/home\/wp-json\/wp\/v2\/pages\/541\/revisions\/548"}],"wp:featuredmedia":[{"embeddable":true,"href":"https:\/\/editorial.ulagos.cl\/home\/wp-json\/wp\/v2\/media\/502"}],"wp:attachment":[{"href":"https:\/\/editorial.ulagos.cl\/home\/wp-json\/wp\/v2\/media?parent=541"}],"wp:term":[{"taxonomy":"category","embeddable":true,"href":"https:\/\/editorial.ulagos.cl\/home\/wp-json\/wp\/v2\/categories?post=541"},{"taxonomy":"post_tag","embeddable":true,"href":"https:\/\/editorial.ulagos.cl\/home\/wp-json\/wp\/v2\/tags?post=541"}],"curies":[{"name":"wp","href":"https:\/\/api.w.org\/{rel}","templated":true}]}}